Last updated on 2024-05-04 01:49:00 CEST.
Flavor | Version | Tinstall | Tcheck | Ttotal | Status | Flags |
---|---|---|---|---|---|---|
r-devel-linux-x86_64-debian-clang | 0.7-1 | 3.09 | 97.02 | 100.11 | NOTE | |
r-devel-linux-x86_64-fedora-clang | 0.7-1 | 116.84 | NOTE | |||
r-devel-linux-x86_64-fedora-gcc | 0.7-1 | 114.81 | NOTE | |||
r-devel-windows-x86_64 | 0.7-1 | 3.00 | 87.00 | 90.00 | NOTE | |
r-patched-linux-x86_64 | 0.7-1 | 3.05 | 88.17 | 91.22 | NOTE | |
r-release-linux-x86_64 | 0.7-1 | 2.51 | 90.33 | 92.84 | NOTE | |
r-release-macos-arm64 | 0.7-1 | 22.00 | NOTE | |||
r-release-windows-x86_64 | 0.7-1 | 3.00 | 87.00 | 90.00 | NOTE | |
r-oldrel-macos-arm64 | 0.7-1 | 30.00 | NOTE | |||
r-oldrel-macos-x86_64 | 0.7-1 | 52.00 | NOTE | |||
r-oldrel-windows-x86_64 | 0.7-1 | 3.00 | 98.00 | 101.00 | NOTE |
Version: 0.7-1
Check: LazyData
Result: NOTE
'LazyData' is specified without a 'data' directory
Flavors: r-devel-linux-x86_64-debian-clang, r-devel-linux-x86_64-fedora-clang, r-devel-linux-x86_64-fedora-gcc, r-devel-windows-x86_64, r-patched-linux-x86_64, r-release-linux-x86_64, r-release-macos-arm64, r-release-windows-x86_64, r-oldrel-macos-arm64, r-oldrel-macos-x86_64, r-oldrel-windows-x86_64