Last updated on 2025-11-16 01:49:32 CET.
| Flavor | Version | Tinstall | Tcheck | Ttotal | Status | Flags |
|---|---|---|---|---|---|---|
| r-devel-linux-x86_64-debian-clang | 1.0.3 | 9.96 | 109.53 | 119.49 | OK | |
| r-devel-linux-x86_64-debian-gcc | 1.0.3 | 6.30 | 89.25 | 95.55 | NOTE | |
| r-devel-linux-x86_64-fedora-clang | 1.0.3 | 26.00 | 168.18 | 194.18 | OK | |
| r-devel-linux-x86_64-fedora-gcc | 1.0.3 | 17.00 | 170.56 | 187.56 | OK | |
| r-devel-windows-x86_64 | 1.0.3 | 11.00 | 112.00 | 123.00 | OK | |
| r-patched-linux-x86_64 | 1.0.3 | 10.14 | 107.91 | 118.05 | OK | |
| r-release-linux-x86_64 | 1.0.3 | 10.46 | 107.40 | 117.86 | OK | |
| r-release-macos-arm64 | 1.0.3 | 5.00 | 66.00 | 71.00 | OK | |
| r-release-macos-x86_64 | 1.0.3 | 8.00 | 97.00 | 105.00 | OK | |
| r-release-windows-x86_64 | 1.0.3 | 11.00 | 108.00 | 119.00 | OK | |
| r-oldrel-macos-arm64 | 1.0.3 | 5.00 | 106.00 | 111.00 | OK | |
| r-oldrel-macos-x86_64 | 1.0.3 | 10.00 | 115.00 | 125.00 | OK | |
| r-oldrel-windows-x86_64 | 1.0.3 | 14.00 | 138.00 | 152.00 | OK |
Version: 1.0.3
Check: CRAN incoming feasibility
Result: NOTE
Maintainer: ‘Michael C Sachs <sachsmc@gmail.com>’
The BugReports field in DESCRIPTION has
https://github.com/sachsmc/stdReg2/issues/
which should likely be
https://github.com/sachsmc/stdReg2/issues/issues
instead.
Flavor: r-devel-linux-x86_64-debian-gcc