CRAN Package Check Results for Package steepness

Last updated on 2025-11-15 03:50:31 CET.

Flavor Version Tinstall Tcheck Ttotal Status Flags
r-devel-linux-x86_64-debian-clang 0.3-0 3.15 22.00 25.15 NOTE
r-devel-linux-x86_64-debian-gcc 0.3-0 2.59 17.73 20.32 NOTE
r-devel-linux-x86_64-fedora-clang 0.3-0 37.54 OK
r-devel-linux-x86_64-fedora-gcc 0.3-0 35.68 OK
r-devel-windows-x86_64 0.3-0 8.00 39.00 47.00 OK
r-patched-linux-x86_64 0.3-0 3.34 21.15 24.49 OK
r-release-linux-x86_64 0.3-0 3.08 20.82 23.90 OK
r-release-macos-arm64 0.3-0 3.00 16.00 19.00 OK
r-release-macos-x86_64 0.3-0 5.00 25.00 30.00 OK
r-release-windows-x86_64 0.3-0 5.00 38.00 43.00 OK
r-oldrel-macos-arm64 0.3-0 2.00 14.00 16.00 OK
r-oldrel-macos-x86_64 0.3-0 4.00 19.00 23.00 OK
r-oldrel-windows-x86_64 0.3-0 6.00 40.00 46.00 OK

Check Details

Version: 0.3-0
Check: CRAN incoming feasibility
Result: NOTE Maintainer: ‘David Leiva <dleivaur@ub.edu>’ No Authors@R field in DESCRIPTION. Please add one, modifying Authors@R: c(person(given = c("David", "Leiva", "&", "Han", "de", "Vries"), family = "<J.deVries1@uu.nl>.", role = "aut", email = "J.deVries1@uu.nl"), person(given = "David", family = "Leiva", role = "cre", email = "dleivaur@ub.edu")) as necessary. Flavors: r-devel-linux-x86_64-debian-clang, r-devel-linux-x86_64-debian-gcc