Last updated on 2025-11-15 03:50:31 CET.
| Flavor | Version | Tinstall | Tcheck | Ttotal | Status | Flags |
|---|---|---|---|---|---|---|
| r-devel-linux-x86_64-debian-clang | 1.0.1 | 6.55 | 53.55 | 60.10 | NOTE | |
| r-devel-linux-x86_64-debian-gcc | 1.0.1 | 4.14 | 41.64 | 45.78 | NOTE | |
| r-devel-linux-x86_64-fedora-clang | 1.0.1 | 13.00 | 77.17 | 90.17 | OK | |
| r-devel-linux-x86_64-fedora-gcc | 1.0.1 | 14.00 | 70.08 | 84.08 | OK | |
| r-devel-windows-x86_64 | 1.0.1 | 9.00 | 62.00 | 71.00 | OK | |
| r-patched-linux-x86_64 | 1.0.1 | 5.75 | 51.38 | 57.13 | OK | |
| r-release-linux-x86_64 | 1.0.1 | 5.87 | 51.49 | 57.36 | OK | |
| r-release-macos-arm64 | 1.0.1 | 3.00 | 25.00 | 28.00 | OK | |
| r-release-macos-x86_64 | 1.0.1 | 5.00 | 44.00 | 49.00 | OK | |
| r-release-windows-x86_64 | 1.0.1 | 7.00 | 61.00 | 68.00 | OK | |
| r-oldrel-macos-arm64 | 1.0.1 | 3.00 | 25.00 | 28.00 | OK | |
| r-oldrel-macos-x86_64 | 1.0.1 | 4.00 | 37.00 | 41.00 | OK | |
| r-oldrel-windows-x86_64 | 1.0.1 | 9.00 | 75.00 | 84.00 | OK |
Version: 1.0.1
Check: CRAN incoming feasibility
Result: NOTE
Maintainer: ‘Miki Horiguchi <horiguchimiki@gmail.com>’
No Authors@R field in DESCRIPTION.
Please add one, modifying
Authors@R: c(person(given = "Miki",
family = "Horiguchi",
role = c("aut", "cre"),
email = "horiguchimiki@gmail.com"),
person(given = "Hajime",
family = "Uno",
role = "aut"))
as necessary.
Flavors: r-devel-linux-x86_64-debian-clang, r-devel-linux-x86_64-debian-gcc