Last updated on 2025-11-15 03:50:31 CET.
| Flavor | Version | Tinstall | Tcheck | Ttotal | Status | Flags |
|---|---|---|---|---|---|---|
| r-devel-linux-x86_64-debian-clang | 0.1.8 | 11.50 | 40.15 | 51.65 | NOTE | |
| r-devel-linux-x86_64-debian-gcc | 0.1.8 | 7.88 | 31.52 | 39.40 | NOTE | |
| r-devel-linux-x86_64-fedora-clang | 0.1.8 | 34.00 | 47.34 | 81.34 | OK | |
| r-devel-linux-x86_64-fedora-gcc | 0.1.8 | 23.00 | 53.35 | 76.35 | OK | |
| r-devel-windows-x86_64 | 0.1.8 | 19.00 | 82.00 | 101.00 | OK | |
| r-patched-linux-x86_64 | 0.1.8 | 12.79 | 36.71 | 49.50 | OK | |
| r-release-linux-x86_64 | 0.1.8 | 11.20 | 37.22 | 48.42 | OK | |
| r-release-macos-arm64 | 0.1.8 | 7.00 | 29.00 | 36.00 | OK | |
| r-release-macos-x86_64 | 0.1.8 | 10.00 | 42.00 | 52.00 | OK | |
| r-release-windows-x86_64 | 0.1.8 | 17.00 | 78.00 | 95.00 | OK | |
| r-oldrel-macos-arm64 | 0.1.8 | 7.00 | 23.00 | 30.00 | OK | |
| r-oldrel-macos-x86_64 | 0.1.8 | 9.00 | 32.00 | 41.00 | OK | |
| r-oldrel-windows-x86_64 | 0.1.8 | 20.00 | 94.00 | 114.00 | OK |
Version: 0.1.8
Check: CRAN incoming feasibility
Result: NOTE
Maintainer: ‘Chung-hong Chan <chainsawtiney@gmail.com>’
The Description field contains
(Mazini et al., 2019) <arXiv:1904.04047>, SemAxis (An et al., 2018)
<arXiv:1806.05521>, Relative Negative Sentiment Bias (Sweeney &
Test (Dev & Phillips, 2019) <arXiv:1901.07656>.
Please refer to arXiv e-prints via their arXiv DOI <doi:10.48550/arXiv.YYMM.NNNNN>.
Flavors: r-devel-linux-x86_64-debian-clang, r-devel-linux-x86_64-debian-gcc