Last updated on 2025-11-21 02:50:36 CET.
| Flavor | Version | Tinstall | Tcheck | Ttotal | Status | Flags |
|---|---|---|---|---|---|---|
| r-devel-linux-x86_64-debian-clang | 2.1.1 | 37.93 | 51.78 | 89.71 | OK | |
| r-devel-linux-x86_64-debian-gcc | 2.1.2 | 25.26 | 34.66 | 59.92 | OK | |
| r-devel-linux-x86_64-fedora-clang | 2.1.2 | 86.00 | 69.76 | 155.76 | OK | |
| r-devel-linux-x86_64-fedora-gcc | 2.1.2 | 166.00 | -14.75 | 151.25 | OK | |
| r-devel-windows-x86_64 | 2.1.1 | 51.00 | 85.00 | 136.00 | OK | |
| r-patched-linux-x86_64 | 2.1.2 | 36.56 | 46.68 | 83.24 | OK | |
| r-release-linux-x86_64 | 2.1.1 | 36.34 | 47.18 | 83.52 | OK | |
| r-release-macos-arm64 | 2.1.1 | 16.00 | 3.00 | 19.00 | OK | |
| r-release-macos-x86_64 | 2.1.2 | 32.00 | 49.00 | 81.00 | OK | |
| r-release-windows-x86_64 | 2.1.1 | 45.00 | 88.00 | 133.00 | OK | |
| r-oldrel-macos-arm64 | 2.1.2 | 1.00 | 8.00 | 9.00 | ERROR | |
| r-oldrel-macos-x86_64 | 2.1.2 | 37.00 | 47.00 | 84.00 | OK | |
| r-oldrel-windows-x86_64 | 2.1.1 | 53.00 | 99.00 | 152.00 | OK |
Version: 2.1.2
Check: whether package can be installed
Result: ERROR
Installation failed.
Flavor: r-oldrel-macos-arm64