Last updated on 2025-11-16 01:49:32 CET.
| Flavor | Version | Tinstall | Tcheck | Ttotal | Status | Flags |
|---|---|---|---|---|---|---|
| r-devel-linux-x86_64-debian-clang | 0.4.0 | 18.93 | 197.66 | 216.59 | OK | |
| r-devel-linux-x86_64-debian-gcc | 0.4.0 | 12.47 | 124.21 | 136.68 | NOTE | |
| r-devel-linux-x86_64-fedora-clang | 0.4.0 | 52.00 | 288.01 | 340.01 | OK | |
| r-devel-linux-x86_64-fedora-gcc | 0.4.0 | 47.00 | 279.85 | 326.85 | OK | |
| r-devel-windows-x86_64 | 0.4.0 | 20.00 | 154.00 | 174.00 | OK | |
| r-patched-linux-x86_64 | 0.4.0 | 20.74 | 192.36 | 213.10 | OK | |
| r-release-linux-x86_64 | 0.4.0 | 21.76 | 192.25 | 214.01 | OK | |
| r-release-macos-arm64 | 0.4.0 | 9.00 | 67.00 | 76.00 | OK | |
| r-release-macos-x86_64 | 0.4.0 | 22.00 | 154.00 | 176.00 | OK | |
| r-release-windows-x86_64 | 0.4.0 | 19.00 | 151.00 | 170.00 | OK | |
| r-oldrel-macos-arm64 | 0.4.0 | 7.00 | 60.00 | 67.00 | OK | |
| r-oldrel-macos-x86_64 | 0.4.0 | 13.00 | 104.00 | 117.00 | OK | |
| r-oldrel-windows-x86_64 | 0.4.0 | 28.00 | 213.00 | 241.00 | OK |
Version: 0.4.0
Check: CRAN incoming feasibility
Result: NOTE
Maintainer: ‘Timothée Giraud <timothee.giraud@cnrs.fr>’
The BugReports field in DESCRIPTION has
https://github.com/riatelab/tanaka/issues/
which should likely be
https://github.com/riatelab/tanaka/issues/issues
instead.
Flavor: r-devel-linux-x86_64-debian-gcc