CRAN Package Check Results for Package tea

Last updated on 2025-11-15 03:50:32 CET.

Flavor Version Tinstall Tcheck Ttotal Status Flags
r-devel-linux-x86_64-debian-clang 1.1 8.47 75.88 84.35 NOTE
r-devel-linux-x86_64-debian-gcc 1.1 5.99 54.86 60.85 NOTE
r-devel-linux-x86_64-fedora-clang 1.1 17.00 105.57 122.57 OK
r-devel-linux-x86_64-fedora-gcc 1.1 15.00 106.48 121.48 OK
r-devel-windows-x86_64 1.1 9.00 87.00 96.00 OK
r-patched-linux-x86_64 1.1 7.74 73.02 80.76 OK
r-release-linux-x86_64 1.1 8.36 73.93 82.29 OK
r-release-macos-arm64 1.1 4.00 35.00 39.00 OK
r-release-macos-x86_64 1.1 8.00 72.00 80.00 OK
r-release-windows-x86_64 1.1 8.00 88.00 96.00 OK
r-oldrel-macos-arm64 1.1 4.00 33.00 37.00 OK
r-oldrel-macos-x86_64 1.1 6.00 49.00 55.00 OK
r-oldrel-windows-x86_64 1.1 12.00 112.00 124.00 OK

Check Details

Version: 1.1
Check: CRAN incoming feasibility
Result: NOTE Maintainer: ‘Johannes Ossberger <johannes.ossberger@gmail.com>’ No Authors@R field in DESCRIPTION. Please add one, modifying Authors@R: person(given = "Johannes", family = "Ossberger", role = c("aut", "cre"), email = "johannes.ossberger@gmail.com") as necessary. Flavors: r-devel-linux-x86_64-debian-clang, r-devel-linux-x86_64-debian-gcc