Last updated on 2025-11-15 02:53:17 CET.
| Flavor | Version | Tinstall | Tcheck | Ttotal | Status | Flags |
|---|---|---|---|---|---|---|
| r-devel-linux-x86_64-debian-clang | 0.5.1 | 5.17 | 175.28 | 180.45 | OK | |
| r-devel-linux-x86_64-debian-gcc | 0.5.1 | 3.74 | 112.20 | 115.94 | OK | |
| r-devel-linux-x86_64-fedora-clang | 0.5.1 | 11.00 | 284.00 | 295.00 | OK | |
| r-devel-linux-x86_64-fedora-gcc | 0.5.1 | 302.61 | OK | |||
| r-devel-windows-x86_64 | 0.5.1 | 24.00 | 252.00 | 276.00 | OK | |
| r-patched-linux-x86_64 | 0.5.1 | 5.61 | 167.34 | 172.95 | OK | |
| r-release-linux-x86_64 | 0.5.1 | 4.34 | 172.13 | 176.47 | OK | |
| r-release-macos-arm64 | 0.5.1 | 2.00 | 121.00 | 123.00 | OK | |
| r-release-macos-x86_64 | 0.5.1 | 5.00 | 280.00 | 285.00 | OK | |
| r-release-windows-x86_64 | 0.5.1 | 18.00 | 246.00 | 264.00 | OK | |
| r-oldrel-macos-arm64 | 0.5.1 | 3.00 | 122.00 | 125.00 | NOTE | |
| r-oldrel-macos-x86_64 | 0.5.1 | 6.00 | 392.00 | 398.00 | NOTE | |
| r-oldrel-windows-x86_64 | 0.5.1 | 22.00 | 336.00 | 358.00 | OK |
Version: 0.5.1
Check: installed package size
Result: NOTE
installed size is 5.8Mb
sub-directories of 1Mb or more:
extdata 4.9Mb
Flavors: r-oldrel-macos-arm64, r-oldrel-macos-x86_64