Last updated on 2024-05-21 02:02:25 CEST.
Flavor | Version | Tinstall | Tcheck | Ttotal | Status | Flags |
---|---|---|---|---|---|---|
r-devel-linux-x86_64-debian-clang | 1.15.3 | 13.11 | 62.86 | 75.97 | NOTE | |
r-devel-linux-x86_64-debian-gcc | 1.15.3 | 7.39 | 45.51 | 52.90 | NOTE | |
r-devel-linux-x86_64-fedora-clang | 1.15.3 | 91.10 | NOTE | |||
r-devel-linux-x86_64-fedora-gcc | 1.15.3 | 84.46 | NOTE | |||
r-devel-windows-x86_64 | 1.15.3 | 12.00 | 71.00 | 83.00 | NOTE | |
r-patched-linux-x86_64 | 1.15.3 | 14.61 | 58.51 | 73.12 | NOTE | |
r-release-linux-x86_64 | 1.15.3 | 11.15 | 59.86 | 71.01 | NOTE | |
r-release-macos-arm64 | 1.15.3 | 34.00 | NOTE | |||
r-release-windows-x86_64 | 1.15.3 | 11.00 | 87.00 | 98.00 | NOTE | |
r-oldrel-macos-arm64 | 1.15.3 | 34.00 | OK | |||
r-oldrel-macos-x86_64 | 1.15.3 | 66.00 | OK | |||
r-oldrel-windows-x86_64 | 1.15.3 | 13.00 | 80.00 | 93.00 | OK |
Version: 1.15.3
Check: Rd files
Result: NOTE
checkRd: (-1) POSIXst-class.Rd:247: Lost braces
247 | do any conversion on the POSIX{l,c}t objects).
| ^
Flavors: r-devel-linux-x86_64-debian-clang, r-devel-linux-x86_64-debian-gcc, r-devel-linux-x86_64-fedora-clang, r-devel-linux-x86_64-fedora-gcc, r-devel-windows-x86_64, r-patched-linux-x86_64, r-release-linux-x86_64, r-release-macos-arm64, r-release-windows-x86_64