CRAN Package Check Results for Package tis

Last updated on 2025-04-30 02:50:54 CEST.

Flavor Version Tinstall Tcheck Ttotal Status Flags
r-devel-linux-x86_64-debian-clang 1.39 9.63 54.75 64.38 NOTE
r-devel-linux-x86_64-debian-gcc 1.39 7.04 36.70 43.74 NOTE
r-devel-linux-x86_64-fedora-clang 1.39 100.80 NOTE
r-devel-linux-x86_64-fedora-gcc 1.39 99.02 NOTE
r-devel-windows-x86_64 1.39 12.00 89.00 101.00 NOTE
r-patched-linux-x86_64 1.39 11.61 52.12 63.73 NOTE
r-release-linux-x86_64 1.39 9.91 52.05 61.96 NOTE
r-release-macos-arm64 1.39 31.00 NOTE
r-release-macos-x86_64 1.39 110.00 NOTE
r-release-windows-x86_64 1.39 13.00 86.00 99.00 NOTE
r-oldrel-macos-arm64 1.39 34.00 NOTE
r-oldrel-macos-x86_64 1.39 70.00 NOTE
r-oldrel-windows-x86_64 1.39 17.00 93.00 110.00 NOTE

Check Details

Version: 1.39
Check: CRAN incoming feasibility
Result: NOTE Maintainer: ‘Brian Salzer <brian.m.salzer@frb.gov>’ No Authors@R field in DESCRIPTION. Please add one, modifying Authors@R: c(person(given = "Jeff", family = "Hallman", role = "aut", email = "jeffhallman@gmail.com"), person(given = "Brian", family = "Salzer", role = "cre", email = "brian.m.salzer@frb.gov")) as necessary. Flavors: r-devel-linux-x86_64-debian-clang, r-devel-linux-x86_64-debian-gcc

Version: 1.39
Check: Rd files
Result: NOTE checkRd: (-1) tierChart.Rd:332: Lost braces 332 | If the input argument code{boxes} is \code{F}, the \code{lBox}, | ^ Flavors: r-devel-linux-x86_64-debian-clang, r-devel-linux-x86_64-debian-gcc, r-devel-linux-x86_64-fedora-clang, r-devel-linux-x86_64-fedora-gcc, r-devel-windows-x86_64, r-patched-linux-x86_64, r-release-linux-x86_64, r-release-macos-arm64, r-release-macos-x86_64, r-release-windows-x86_64, r-oldrel-macos-arm64, r-oldrel-macos-x86_64, r-oldrel-windows-x86_64