Last updated on 2024-05-02 01:57:19 CEST.
Flavor | Version | Tinstall | Tcheck | Ttotal | Status | Flags |
---|---|---|---|---|---|---|
r-devel-linux-x86_64-debian-clang | 0.1.0 | 3.43 | 43.78 | 47.21 | NOTE | |
r-devel-linux-x86_64-debian-gcc | 0.1.0 | 2.39 | 34.31 | 36.70 | NOTE | |
r-devel-linux-x86_64-fedora-clang | 0.1.0 | 64.09 | NOTE | |||
r-devel-linux-x86_64-fedora-gcc | 0.1.0 | 73.78 | NOTE | |||
r-devel-windows-x86_64 | 0.1.0 | 4.00 | 115.00 | 119.00 | NOTE | |
r-patched-linux-x86_64 | 0.1.0 | 3.18 | 43.09 | 46.27 | NOTE | |
r-release-linux-x86_64 | 0.1.0 | 3.28 | 38.32 | 41.60 | NOTE | |
r-release-macos-arm64 | 0.1.0 | 27.00 | NOTE | |||
r-release-windows-x86_64 | 0.1.0 | 4.00 | 115.00 | 119.00 | NOTE | |
r-oldrel-macos-arm64 | 0.1.0 | 30.00 | NOTE | |||
r-oldrel-macos-x86_64 | 0.1.0 | 37.00 | NOTE | |||
r-oldrel-windows-x86_64 | 0.1.0 | 4.00 | 97.00 | 101.00 | NOTE |
Version: 0.1.0
Check: LazyData
Result: NOTE
'LazyData' is specified without a 'data' directory
Flavors: r-devel-linux-x86_64-debian-clang, r-devel-linux-x86_64-debian-gcc, r-devel-linux-x86_64-fedora-clang, r-devel-linux-x86_64-fedora-gcc, r-devel-windows-x86_64, r-patched-linux-x86_64, r-release-linux-x86_64, r-release-macos-arm64, r-release-windows-x86_64, r-oldrel-macos-arm64, r-oldrel-macos-x86_64, r-oldrel-windows-x86_64