Last updated on 2025-10-31 01:49:17 CET.
| Flavor | Version | Tinstall | Tcheck | Ttotal | Status | Flags | 
|---|---|---|---|---|---|---|
| r-devel-linux-x86_64-debian-clang | 0.1-6 | 20.77 | 38.67 | 59.44 | NOTE | |
| r-devel-linux-x86_64-debian-gcc | 0.1-6 | 15.53 | 30.82 | 46.35 | NOTE | |
| r-devel-linux-x86_64-fedora-clang | 0.1-6 | 44.00 | 48.55 | 92.55 | NOTE | |
| r-devel-linux-x86_64-fedora-gcc | 0.1-6 | 40.00 | 52.87 | 92.87 | NOTE | |
| r-devel-windows-x86_64 | 0.1-6 | 24.00 | 70.00 | 94.00 | NOTE | |
| r-patched-linux-x86_64 | 0.1-6 | 22.60 | 36.03 | 58.63 | NOTE | |
| r-release-linux-x86_64 | 0.1-6 | 21.99 | 36.35 | 58.34 | NOTE | |
| r-release-macos-arm64 | 0.1-6 | 10.00 | 25.00 | 35.00 | NOTE | |
| r-release-macos-x86_64 | 0.1-6 | 16.00 | 36.00 | 52.00 | NOTE | |
| r-release-windows-x86_64 | 0.1-6 | 25.00 | 79.00 | 104.00 | NOTE | |
| r-oldrel-macos-arm64 | 0.1-6 | 12.00 | 22.00 | 34.00 | NOTE | |
| r-oldrel-macos-x86_64 | 0.1-6 | 13.00 | 29.00 | 42.00 | NOTE | |
| r-oldrel-windows-x86_64 | 0.1-6 | 23.00 | 88.00 | 111.00 | NOTE | 
Version: 0.1-6
Check: CRAN incoming feasibility
Result: NOTE
  Maintainer: ‘Wenjie Wang <wang@wwenjie.org>’
  
  Package CITATION file contains call(s) to old-style personList() or
  as.personList().  Please use c() on person objects instead.
  Package CITATION file contains call(s) to old-style citEntry().  Please
  use bibentry() instead.
Flavors: r-devel-linux-x86_64-debian-clang, r-devel-linux-x86_64-debian-gcc
Version: 0.1-6
Check: C++ specification
Result: NOTE
    Specified C++11: please drop specification unless essential
Flavors: r-devel-linux-x86_64-debian-clang, r-devel-linux-x86_64-debian-gcc, r-devel-linux-x86_64-fedora-clang, r-devel-linux-x86_64-fedora-gcc, r-devel-windows-x86_64, r-patched-linux-x86_64, r-release-linux-x86_64, r-release-macos-arm64, r-release-macos-x86_64, r-release-windows-x86_64, r-oldrel-macos-arm64, r-oldrel-macos-x86_64, r-oldrel-windows-x86_64