Last updated on 2025-10-10 01:49:23 CEST.
Flavor | Version | Tinstall | Tcheck | Ttotal | Status | Flags |
---|---|---|---|---|---|---|
r-devel-linux-x86_64-debian-clang | 0.0.1 | 1.29 | 28.64 | 29.93 | OK | |
r-devel-linux-x86_64-debian-gcc | 0.0.1 | 1.51 | 23.39 | 24.90 | OK | |
r-devel-linux-x86_64-fedora-clang | 0.0.1 | 49.97 | NOTE | |||
r-devel-linux-x86_64-fedora-gcc | 0.0.1 | 59.36 | NOTE | |||
r-devel-windows-x86_64 | 0.0.1 | 3.00 | 53.00 | 56.00 | OK | |
r-patched-linux-x86_64 | 0.0.1 | 2.34 | 27.30 | 29.64 | OK | |
r-release-linux-x86_64 | 0.0.1 | 1.64 | 27.32 | 28.96 | OK | |
r-release-macos-arm64 | 0.0.1 | 28.00 | OK | |||
r-release-macos-x86_64 | 0.0.1 | 44.00 | OK | |||
r-release-windows-x86_64 | 0.0.1 | 5.00 | 54.00 | 59.00 | OK | |
r-oldrel-macos-arm64 | 0.0.1 | 25.00 | OK | |||
r-oldrel-macos-x86_64 | 0.0.1 | 36.00 | OK | |||
r-oldrel-windows-x86_64 | 0.0.1 | 5.00 | 57.00 | 62.00 | OK |
Version: 0.0.1
Check: dependencies in R code
Result: NOTE
Namespace in Imports field not imported from: ‘knitr’
All declared Imports should be used.
Flavors: r-devel-linux-x86_64-fedora-clang, r-devel-linux-x86_64-fedora-gcc