Last updated on 2024-05-21 02:02:25 CEST.
Flavor | Version | Tinstall | Tcheck | Ttotal | Status | Flags |
---|---|---|---|---|---|---|
r-devel-linux-x86_64-debian-clang | 0.1.0 | 3.19 | 24.71 | 27.90 | OK | |
r-devel-linux-x86_64-debian-gcc | 0.1.0 | 2.24 | 19.03 | 21.27 | OK | |
r-devel-linux-x86_64-fedora-clang | 0.1.0 | 34.22 | NOTE | |||
r-devel-linux-x86_64-fedora-gcc | 0.1.0 | 32.21 | NOTE | |||
r-devel-windows-x86_64 | 0.1.0 | 5.00 | 47.00 | 52.00 | OK | |
r-patched-linux-x86_64 | 0.1.0 | 3.10 | 23.05 | 26.15 | OK | |
r-release-linux-x86_64 | 0.1.0 | 2.79 | 23.52 | 26.31 | OK | |
r-release-macos-arm64 | 0.1.0 | 17.00 | OK | |||
r-release-macos-x86_64 | 0.1.0 | 34.00 | OK | |||
r-release-windows-x86_64 | 0.1.0 | 5.00 | 47.00 | 52.00 | OK | |
r-oldrel-macos-arm64 | 0.1.0 | 21.00 | OK | |||
r-oldrel-macos-x86_64 | 0.1.0 | 36.00 | OK | |||
r-oldrel-windows-x86_64 | 0.1.0 | 6.00 | 47.00 | 53.00 | OK |
Version: 0.1.0
Check: data for non-ASCII characters
Result: NOTE
Note: found 23 marked UTF-8 strings
Flavors: r-devel-linux-x86_64-fedora-clang, r-devel-linux-x86_64-fedora-gcc