Last updated on 2025-11-19 01:49:05 CET.
| Flavor | Version | Tinstall | Tcheck | Ttotal | Status | Flags |
|---|---|---|---|---|---|---|
| r-devel-linux-x86_64-debian-clang | 1.0.0 | 135.02 | 776.72 | 911.74 | OK | |
| r-devel-linux-x86_64-debian-gcc | 1.0.0 | 98.46 | 518.00 | 616.46 | OK | |
| r-devel-linux-x86_64-fedora-clang | 1.0.0 | 259.00 | 1296.14 | 1555.14 | OK | |
| r-devel-linux-x86_64-fedora-gcc | 1.0.0 | 422.00 | 1137.73 | 1559.73 | OK | |
| r-devel-windows-x86_64 | 1.0.0 | 190.00 | 715.00 | 905.00 | OK | |
| r-patched-linux-x86_64 | 1.0.0 | 145.91 | 721.88 | 867.79 | OK | |
| r-release-linux-x86_64 | 1.0.0 | 140.36 | 735.27 | 875.63 | OK | |
| r-release-macos-arm64 | 1.0.0 | 51.00 | 273.00 | 324.00 | OK | |
| r-release-macos-x86_64 | 1.0.0 | 56.00 | 627.00 | 683.00 | OK | |
| r-release-windows-x86_64 | 1.0.0 | 156.00 | 706.00 | 862.00 | OK | |
| r-oldrel-macos-arm64 | 1.0.0 | 28.00 | 164.00 | 192.00 | NOTE | |
| r-oldrel-macos-x86_64 | 1.0.0 | 28.00 | 310.00 | 338.00 | NOTE | |
| r-oldrel-windows-x86_64 | 1.0.0 | 197.00 | 963.00 | 1160.00 | NOTE |
Version: 1.0.0
Check: installed package size
Result: NOTE
installed size is 15.3Mb
sub-directories of 1Mb or more:
doc 1.6Mb
libs 12.2Mb
Flavors: r-oldrel-macos-arm64, r-oldrel-macos-x86_64
Version: 1.0.0
Check: for GNU extensions in Makefiles
Result: NOTE
GNU make is a SystemRequirements.
Flavors: r-oldrel-macos-arm64, r-oldrel-macos-x86_64, r-oldrel-windows-x86_64