Last updated on 2025-11-15 02:53:18 CET.
| Flavor | Version | Tinstall | Tcheck | Ttotal | Status | Flags |
|---|---|---|---|---|---|---|
| r-devel-linux-x86_64-debian-clang | 0.1.2 | 6.70 | 61.11 | 67.81 | NOTE | |
| r-devel-linux-x86_64-debian-gcc | 0.1.3 | 5.17 | 44.97 | 50.14 | OK | |
| r-devel-linux-x86_64-fedora-clang | 0.1.3 | 12.00 | 92.34 | 104.34 | OK | |
| r-devel-linux-x86_64-fedora-gcc | 0.1.3 | 63.24 | OK | |||
| r-devel-windows-x86_64 | 0.1.2 | 10.00 | 78.00 | 88.00 | NOTE | |
| r-patched-linux-x86_64 | 0.1.2 | 6.80 | 57.90 | 64.70 | NOTE | |
| r-release-linux-x86_64 | 0.1.2 | 5.60 | 57.78 | 63.38 | NOTE | |
| r-release-macos-arm64 | 0.1.3 | 3.00 | 28.00 | 31.00 | OK | |
| r-release-macos-x86_64 | 0.1.3 | 15.00 | 77.00 | 92.00 | OK | |
| r-release-windows-x86_64 | 0.1.2 | 10.00 | 76.00 | 86.00 | NOTE | |
| r-oldrel-macos-arm64 | 0.1.3 | 3.00 | 33.00 | 36.00 | OK | |
| r-oldrel-macos-x86_64 | 0.1.3 | 8.00 | 77.00 | 85.00 | OK | |
| r-oldrel-windows-x86_64 | 0.1.2 | 14.00 | 94.00 | 108.00 | OK |
Version: 0.1.2
Check: DESCRIPTION meta-information
Result: NOTE
Missing dependency on R >= 4.1.0 because package code uses the pipe
|> or function shorthand \(...) syntax added in R 4.1.0.
File(s) using such syntax:
‘show_parliament.R’ ‘show_province_and_party.R’
Flavors: r-devel-linux-x86_64-debian-clang, r-devel-windows-x86_64, r-patched-linux-x86_64, r-release-linux-x86_64, r-release-windows-x86_64