Last updated on 2025-07-24 02:52:29 CEST.
Flavor | Version | Tinstall | Tcheck | Ttotal | Status | Flags |
---|---|---|---|---|---|---|
r-devel-linux-x86_64-debian-clang | 1.0 | 11.13 | 108.75 | 119.88 | NOTE | |
r-devel-linux-x86_64-debian-gcc | 1.0 | 10.33 | 86.76 | 97.09 | NOTE | |
r-devel-linux-x86_64-fedora-clang | 1.0 | 196.38 | OK | |||
r-devel-linux-x86_64-fedora-gcc | 1.0 | 203.34 | OK | |||
r-devel-windows-x86_64 | 1.0 | 15.00 | 108.00 | 123.00 | OK | |
r-patched-linux-x86_64 | 1.0 | 13.53 | 110.28 | 123.81 | OK | |
r-release-linux-x86_64 | 1.0 | 12.41 | 110.37 | 122.78 | OK | |
r-release-macos-arm64 | 1.0 | 103.00 | OK | |||
r-release-macos-x86_64 | 1.0 | 128.00 | OK | |||
r-release-windows-x86_64 | 1.0 | 17.00 | 123.00 | 140.00 | OK | |
r-oldrel-macos-arm64 | 1.0 | 97.00 | OK | |||
r-oldrel-macos-x86_64 | 1.0 | 96.00 | OK | |||
r-oldrel-windows-x86_64 | 1.0 | 19.00 | 128.00 | 147.00 | OK |
Version: 1.0
Check: CRAN incoming feasibility
Result: NOTE
Maintainer: ‘Paul TERNYNCK <ternynck@lisic.univ-littoral.fr>’
Found the following URLs which should use \doi (with the DOI name only):
File ‘MarelCarnot.Rd’:
http://doi.org/10.17882/39754
Flavors: r-devel-linux-x86_64-debian-clang, r-devel-linux-x86_64-debian-gcc