CRAN Package Check Results for Package unmconf

Last updated on 2025-11-15 03:50:33 CET.

Flavor Version Tinstall Tcheck Ttotal Status Flags
r-devel-linux-x86_64-debian-clang 1.0.0 5.13 94.47 99.60 NOTE
r-devel-linux-x86_64-debian-gcc 1.0.0 3.22 61.81 65.03 NOTE
r-devel-linux-x86_64-fedora-clang 1.0.0 152.87 NOTE
r-devel-linux-x86_64-fedora-gcc 1.0.0 10.00 161.21 171.21 NOTE
r-devel-windows-x86_64 1.0.0 7.00 116.00 123.00 NOTE
r-patched-linux-x86_64 1.0.0 5.16 92.73 97.89 NOTE
r-release-linux-x86_64 1.0.0 4.69 92.47 97.16 NOTE
r-release-macos-arm64 1.0.0 2.00 51.00 53.00 NOTE
r-release-macos-x86_64 1.0.0 4.00 107.00 111.00 NOTE
r-release-windows-x86_64 1.0.0 6.00 113.00 119.00 NOTE
r-oldrel-macos-arm64 1.0.0 2.00 52.00 54.00 OK
r-oldrel-macos-x86_64 1.0.0 4.00 95.00 99.00 OK
r-oldrel-windows-x86_64 1.0.0 7.00 141.00 148.00 OK

Check Details

Version: 1.0.0
Check: DESCRIPTION meta-information
Result: NOTE Missing dependency on R >= 4.1.0 because package code uses the pipe |> or function shorthand \(...) syntax added in R 4.1.0. File(s) using such syntax: ‘runm.Rd’ ‘unm_summary.R’ Flavors: r-devel-linux-x86_64-debian-clang, r-devel-linux-x86_64-debian-gcc, r-devel-linux-x86_64-fedora-clang, r-devel-linux-x86_64-fedora-gcc, r-devel-windows-x86_64, r-patched-linux-x86_64, r-release-linux-x86_64, r-release-macos-arm64, r-release-windows-x86_64

Version: 1.0.0
Check: DESCRIPTION meta-information
Result: NOTE Missing dependency on R >= 4.1.0 because package code uses the pipe |> or function shorthand \(...) syntax added in R 4.1.0. File(s) using such syntax: ‘unm_summary.R’ Flavor: r-release-macos-x86_64