CRAN Package Check Results for Package valottery

Last updated on 2025-11-15 03:50:34 CET.

Flavor Version Tinstall Tcheck Ttotal Status Flags
r-devel-linux-x86_64-debian-clang 0.0.1 1.69 20.01 21.70 NOTE
r-devel-linux-x86_64-debian-gcc 0.0.1 1.39 16.38 17.77 NOTE
r-devel-linux-x86_64-fedora-clang 0.0.1 29.88 OK
r-devel-linux-x86_64-fedora-gcc 0.0.1 28.53 OK
r-devel-windows-x86_64 0.0.1 4.00 35.00 39.00 OK
r-patched-linux-x86_64 0.0.1 1.73 17.74 19.47 OK
r-release-linux-x86_64 0.0.1 1.60 18.03 19.63 OK
r-release-macos-arm64 0.0.1 1.00 13.00 14.00 OK
r-release-macos-x86_64 0.0.1 2.00 20.00 22.00 OK
r-release-windows-x86_64 0.0.1 4.00 35.00 39.00 OK
r-oldrel-macos-arm64 0.0.1 1.00 13.00 14.00 OK
r-oldrel-macos-x86_64 0.0.1 2.00 18.00 20.00 OK
r-oldrel-windows-x86_64 0.0.1 2.00 43.00 45.00 OK

Check Details

Version: 0.0.1
Check: CRAN incoming feasibility
Result: NOTE Maintainer: ‘Clay Ford <joe.clayton.ford@gmail.com>’ The Description field contains were downloaded from https://www.valottery.com/. Please enclose URLs in angle brackets (<...>). Flavors: r-devel-linux-x86_64-debian-clang, r-devel-linux-x86_64-debian-gcc