Last updated on 2024-05-21 02:02:26 CEST.
Flavor | Version | Tinstall | Tcheck | Ttotal | Status | Flags |
---|---|---|---|---|---|---|
r-devel-linux-x86_64-debian-clang | 1.0.3 | 100.99 | 178.16 | 279.15 | NOTE | |
r-devel-linux-x86_64-debian-gcc | 1.0.3 | 77.96 | 130.07 | 208.03 | NOTE | |
r-devel-linux-x86_64-fedora-clang | 1.0.3 | 353.09 | NOTE | |||
r-devel-linux-x86_64-fedora-gcc | 1.0.3 | 359.15 | NOTE | |||
r-devel-windows-x86_64 | 1.0.3 | 76.00 | 140.00 | 216.00 | NOTE | |
r-patched-linux-x86_64 | 1.0.3 | 88.84 | 164.04 | 252.88 | NOTE | |
r-release-linux-x86_64 | 1.0.3 | 72.55 | 164.84 | 237.39 | NOTE | |
r-release-macos-arm64 | 1.0.3 | 81.00 | NOTE | |||
r-release-windows-x86_64 | 1.0.3 | 74.00 | 140.00 | 214.00 | NOTE | |
r-oldrel-macos-arm64 | 1.0.3 | 97.00 | NOTE | |||
r-oldrel-macos-x86_64 | 1.0.3 | 162.00 | NOTE | |||
r-oldrel-windows-x86_64 | 1.0.3 | 92.00 | 181.00 | 273.00 | OK |
Version: 1.0.3
Check: Rd files
Result: NOTE
checkRd: (-1) LinRegChol.Rd:21: Lost braces; missing escapes or markup?
21 | Do linear regression of form (X^T O X + P)^{-1} X^T y where O is omega, P is
| ^
Flavors: r-devel-linux-x86_64-debian-clang, r-devel-linux-x86_64-debian-gcc, r-devel-linux-x86_64-fedora-clang, r-devel-linux-x86_64-fedora-gcc, r-devel-windows-x86_64, r-patched-linux-x86_64, r-release-linux-x86_64, r-release-macos-arm64, r-release-windows-x86_64
Version: 1.0.3
Check: installed package size
Result: NOTE
installed size is 7.0Mb
sub-directories of 1Mb or more:
libs 6.6Mb
Flavors: r-release-macos-arm64, r-oldrel-macos-arm64, r-oldrel-macos-x86_64