CRAN Package Check Results for Package vindecodr

Last updated on 2025-11-15 02:53:19 CET.

Flavor Version Tinstall Tcheck Ttotal Status Flags
r-devel-linux-x86_64-debian-clang 0.1.1 1.69 20.75 22.44 OK
r-devel-linux-x86_64-debian-gcc 0.1.1 1.44 17.28 18.72 OK
r-devel-linux-x86_64-fedora-clang 0.1.1 31.35 OK
r-devel-linux-x86_64-fedora-gcc 0.1.1 30.04 OK
r-devel-windows-x86_64 0.1.1 7.00 39.00 46.00 OK
r-patched-linux-x86_64 0.1.1 1.76 18.44 20.20 OK
r-release-linux-x86_64 0.1.1 1.77 18.60 20.37 OK
r-release-macos-arm64 0.1.1 1.00 16.00 17.00 OK
r-release-macos-x86_64 0.1.1 2.00 22.00 24.00 OK
r-release-windows-x86_64 0.1.1 3.00 39.00 42.00 OK
r-oldrel-macos-arm64 0.1.1 1.00 13.00 14.00 NOTE
r-oldrel-macos-x86_64 0.1.1 2.00 18.00 20.00 NOTE
r-oldrel-windows-x86_64 0.1.1 4.00 43.00 47.00 NOTE

Check Details

Version: 0.1.1
Check: LazyData
Result: NOTE 'LazyData' is specified without a 'data' directory Flavors: r-oldrel-macos-arm64, r-oldrel-macos-x86_64, r-oldrel-windows-x86_64