Last updated on 2025-11-15 03:50:34 CET.
| Flavor | Version | Tinstall | Tcheck | Ttotal | Status | Flags |
|---|---|---|---|---|---|---|
| r-devel-linux-x86_64-debian-clang | 1.0.1 | 2.79 | 106.85 | 109.64 | OK | |
| r-devel-linux-x86_64-debian-gcc | 1.0.1 | 2.13 | 76.86 | 78.99 | OK | |
| r-devel-linux-x86_64-fedora-clang | 1.0.1 | 158.92 | OK | |||
| r-devel-linux-x86_64-fedora-gcc | 1.0.1 | 169.08 | OK | |||
| r-devel-windows-x86_64 | 1.0.1 | 6.00 | 106.00 | 112.00 | OK | |
| r-patched-linux-x86_64 | 1.0.1 | 2.94 | 101.43 | 104.37 | OK | |
| r-release-linux-x86_64 | 1.0.1 | 2.79 | 102.59 | 105.38 | OK | |
| r-release-macos-arm64 | 1.0.1 | 1.00 | 45.00 | 46.00 | OK | |
| r-release-macos-x86_64 | 1.0.1 | 2.00 | 88.00 | 90.00 | OK | |
| r-release-windows-x86_64 | 1.0.1 | 6.00 | 105.00 | 111.00 | OK | |
| r-oldrel-macos-arm64 | 1.0.1 | 1.00 | 43.00 | 44.00 | NOTE | |
| r-oldrel-macos-x86_64 | 1.0.1 | 2.00 | 70.00 | 72.00 | NOTE | |
| r-oldrel-windows-x86_64 | 1.0.1 | 7.00 | 134.00 | 141.00 | NOTE |
Version: 1.0.1
Check: installed package size
Result: NOTE
installed size is 6.8Mb
sub-directories of 1Mb or more:
doc 5.4Mb
extdata 1.1Mb
Flavors: r-oldrel-macos-arm64, r-oldrel-macos-x86_64, r-oldrel-windows-x86_64