Last updated on 2024-05-09 01:56:13 CEST.
Flavor | Version | Tinstall | Tcheck | Ttotal | Status | Flags |
---|---|---|---|---|---|---|
r-devel-linux-x86_64-debian-clang | 1.2.4 | 4.29 | 47.60 | 51.89 | OK | |
r-devel-linux-x86_64-debian-gcc | 1.2.4 | 3.51 | 29.58 | 33.09 | ERROR | |
r-devel-linux-x86_64-fedora-clang | 1.2.4 | 64.52 | OK | |||
r-devel-linux-x86_64-fedora-gcc | 1.2.4 | 82.15 | OK | |||
r-devel-windows-x86_64 | 1.2.4 | 5.00 | 145.00 | 150.00 | OK | |
r-patched-linux-x86_64 | 1.2.4 | 4.26 | 46.14 | 50.40 | OK | |
r-release-linux-x86_64 | 1.2.4 | 4.75 | 45.43 | 50.18 | OK | |
r-release-macos-arm64 | 1.2.4 | 168.00 | OK | |||
r-release-macos-x86_64 | 1.2.4 | 225.00 | OK | |||
r-release-windows-x86_64 | 1.2.4 | 6.00 | 146.00 | 152.00 | OK | |
r-oldrel-macos-arm64 | 1.2.4 | 172.00 | OK | |||
r-oldrel-macos-x86_64 | 1.2.4 | 200.00 | OK | |||
r-oldrel-windows-x86_64 | 1.2.4 | 6.00 | 158.00 | 164.00 | OK |
Version: 1.2.4
Check: examples
Result: ERROR
Running examples in ‘wikiTools-Ex.R’ failed
The error most likely occurred in:
> base::assign(".ptime", proc.time(), pos = "CheckExEnv")
> ### Name: extractWiki
> ### Title: Extract the first paragraph of a Wikipedia article with a
> ### maximum of characters.
> ### Aliases: extractWiki
>
> ### ** Examples
>
> ## Obtaining information in English Wikidata
> names <- c("William Shakespeare", "Pedro Almodovar")
> info <- getWikiInf(names)
Error in curl::curl_fetch_memory(url, handle = handle) :
Timeout was reached: [www.wikidata.org] Failed to connect to www.wikidata.org port 443 after 10001 ms: Timeout was reached
Calls: getWikiInf ... request_fetch -> request_fetch.write_memory -> <Anonymous>
Execution halted
Flavor: r-devel-linux-x86_64-debian-gcc
Version: 1.2.4
Check: re-building of vignette outputs
Result: ERROR
Error(s) in re-building vignettes:
...
--- re-building ‘wiki_utils.Rmd’ using rmarkdown
Error in curl::curl_fetch_memory(url, handle = handle): Timeout was reached: [query.wikidata.org] Failed to connect to query.wikidata.org port 443 after 10002 ms: Timeout was reached
Quitting from lines at lines 87-92 [unnamed-chunk-3] (wiki_utils.Rmd)
Error: processing vignette 'wiki_utils.Rmd' failed with diagnostics:
attempt to set 'rownames' on an object with no dimensions
--- failed re-building ‘wiki_utils.Rmd’
SUMMARY: processing the following file failed:
‘wiki_utils.Rmd’
Error: Vignette re-building failed.
Execution halted
Flavor: r-devel-linux-x86_64-debian-gcc