CRAN Package Check Results for Package windsoraiR

Last updated on 2025-11-16 01:49:35 CET.

Flavor Version Tinstall Tcheck Ttotal Status Flags
r-devel-linux-x86_64-debian-clang 0.1.2 1.59 28.35 29.94 NOTE
r-devel-linux-x86_64-debian-gcc 0.1.2 1.26 24.15 25.41 NOTE
r-devel-linux-x86_64-fedora-clang 0.1.2 45.17 OK
r-devel-linux-x86_64-fedora-gcc 0.1.2 56.51 OK
r-devel-windows-x86_64 0.1.2 6.00 46.00 52.00 OK
r-patched-linux-x86_64 0.1.2 1.57 26.58 28.15 OK
r-release-linux-x86_64 0.1.2 1.53 26.28 27.81 OK
r-release-macos-arm64 0.1.2 1.00 24.00 25.00 OK
r-release-macos-x86_64 0.1.2 1.00 43.00 44.00 OK
r-release-windows-x86_64 0.1.2 4.00 44.00 48.00 OK
r-oldrel-macos-arm64 0.1.2 1.00 24.00 25.00 OK
r-oldrel-macos-x86_64 0.1.2 2.00 34.00 36.00 OK
r-oldrel-windows-x86_64 0.1.2 5.00 52.00 57.00 OK

Check Details

Version: 0.1.2
Check: CRAN incoming feasibility
Result: NOTE Maintainer: ‘Novica Nakov <nnovica@gmail.com>’ The BugReports field in DESCRIPTION has https://github.com/windsor-ai/windsoraiR/ which should likely be https://github.com/windsor-ai/windsoraiR/issues instead. Flavors: r-devel-linux-x86_64-debian-clang, r-devel-linux-x86_64-debian-gcc