Last updated on 2025-11-15 03:50:35 CET.
| Flavor | Version | Tinstall | Tcheck | Ttotal | Status | Flags |
|---|---|---|---|---|---|---|
| r-devel-linux-x86_64-debian-clang | 1.1 | 3.61 | 33.09 | 36.70 | NOTE | |
| r-devel-linux-x86_64-debian-gcc | 1.1 | 2.83 | 24.84 | 27.67 | NOTE | |
| r-devel-linux-x86_64-fedora-clang | 1.1 | 55.20 | OK | |||
| r-devel-linux-x86_64-fedora-gcc | 1.1 | 51.07 | OK | |||
| r-devel-windows-x86_64 | 1.1 | 6.00 | 49.00 | 55.00 | OK | |
| r-patched-linux-x86_64 | 1.1 | 3.75 | 30.67 | 34.42 | OK | |
| r-release-linux-x86_64 | 1.1 | 3.05 | 30.59 | 33.64 | OK | |
| r-release-macos-arm64 | 1.1 | 2.00 | 18.00 | 20.00 | OK | |
| r-release-macos-x86_64 | 1.1 | 4.00 | 30.00 | 34.00 | OK | |
| r-release-windows-x86_64 | 1.1 | 4.00 | 50.00 | 54.00 | OK | |
| r-oldrel-macos-arm64 | 1.1 | 2.00 | 17.00 | 19.00 | OK | |
| r-oldrel-macos-x86_64 | 1.1 | 3.00 | 25.00 | 28.00 | OK | |
| r-oldrel-windows-x86_64 | 1.1 | 7.00 | 56.00 | 63.00 | OK |
Version: 1.1
Check: CRAN incoming feasibility
Result: NOTE
Maintainer: ‘Neda Daneshgar<ne_da978@stu-mail.um.ac.ir>’
No Authors@R field in DESCRIPTION.
Please add one, modifying
Authors@R: c(person(given = "Neda",
family = "Daneshagr",
role = "aut"),
person(given = "Majid",
family = "Sarmad.",
role = "aut"),
person(given = "Neda",
family = "Daneshgar",
role = "cre",
email = "ne_da978@stu-mail.um.ac.ir"))
as necessary.
Flavors: r-devel-linux-x86_64-debian-clang, r-devel-linux-x86_64-debian-gcc