Last updated on 2024-05-02 01:57:20 CEST.
Flavor | Version | Tinstall | Tcheck | Ttotal | Status | Flags |
---|---|---|---|---|---|---|
r-devel-linux-x86_64-debian-clang | 0.9.8 | 5.36 | 65.50 | 70.86 | OK | |
r-devel-linux-x86_64-debian-gcc | 0.9.8 | 4.53 | 49.14 | 53.67 | OK | |
r-devel-linux-x86_64-fedora-clang | 0.9.8 | 89.92 | NOTE | |||
r-devel-linux-x86_64-fedora-gcc | 0.9.8 | 96.94 | OK | |||
r-devel-windows-x86_64 | 0.9.8 | 8.00 | 89.00 | 97.00 | OK | |
r-patched-linux-x86_64 | 0.9.8 | 3.97 | 61.82 | 65.79 | OK | |
r-release-linux-x86_64 | 0.9.8 | 3.91 | 63.69 | 67.60 | OK | |
r-release-macos-arm64 | 0.9.8 | 57.00 | OK | |||
r-release-windows-x86_64 | 0.9.8 | 7.00 | 96.00 | 103.00 | OK | |
r-oldrel-macos-arm64 | 0.9.8 | 59.00 | OK | |||
r-oldrel-macos-x86_64 | 0.9.8 | 297.00 | OK | |||
r-oldrel-windows-x86_64 | 0.9.8 | 9.00 | 110.00 | 119.00 | OK |
Version: 0.9.8
Check: Rd cross-references
Result: NOTE
Undeclared package ‘lubridate’ in Rd xrefs
Flavor: r-devel-linux-x86_64-fedora-clang