Last updated on 2025-11-16 01:49:35 CET.
| Flavor | Version | Tinstall | Tcheck | Ttotal | Status | Flags |
|---|---|---|---|---|---|---|
| r-devel-linux-x86_64-debian-clang | 0.4.21 | 13.20 | 314.40 | 327.60 | OK | |
| r-devel-linux-x86_64-debian-gcc | 0.4.21 | 8.07 | 202.76 | 210.83 | NOTE | |
| r-devel-linux-x86_64-fedora-clang | 0.4.21 | 33.00 | 529.67 | 562.67 | OK | |
| r-devel-linux-x86_64-fedora-gcc | 0.4.21 | 28.00 | 564.52 | 592.52 | OK | |
| r-devel-windows-x86_64 | 0.4.21 | 21.00 | 346.00 | 367.00 | OK | |
| r-patched-linux-x86_64 | 0.4.21 | 15.91 | 296.55 | 312.46 | OK | |
| r-release-linux-x86_64 | 0.4.21 | 12.62 | 297.43 | 310.05 | OK | |
| r-release-macos-arm64 | 0.4.21 | 6.00 | 151.00 | 157.00 | OK | |
| r-release-macos-x86_64 | 0.4.21 | 14.00 | 368.00 | 382.00 | OK | |
| r-release-windows-x86_64 | 0.4.21 | 14.00 | 340.00 | 354.00 | OK | |
| r-oldrel-macos-arm64 | 0.4.21 | 7.00 | 160.00 | 167.00 | OK | |
| r-oldrel-macos-x86_64 | 0.4.21 | 13.00 | 340.00 | 353.00 | OK | |
| r-oldrel-windows-x86_64 | 0.4.21 | 22.00 | 418.00 | 440.00 | OK |
Version: 0.4.21
Check: CRAN incoming feasibility
Result: NOTE
Maintainer: ‘Benjamin Guiastrennec <guiastrennec@gmail.com>’
The BugReports field in DESCRIPTION has
https://github.com/UUPharmacometrics/xpose/issues/
which should likely be
https://github.com/UUPharmacometrics/xpose/issues/issues
instead.
Flavor: r-devel-linux-x86_64-debian-gcc