Last updated on 2025-11-15 02:53:19 CET.
| Flavor | Version | Tinstall | Tcheck | Ttotal | Status | Flags |
|---|---|---|---|---|---|---|
| r-devel-linux-x86_64-debian-clang | 0.1.0 | 17.46 | 456.82 | 474.28 | OK | |
| r-devel-linux-x86_64-debian-gcc | 0.1.0 | 10.95 | 315.68 | 326.63 | OK | |
| r-devel-linux-x86_64-fedora-clang | 0.1.0 | 38.00 | 783.14 | 821.14 | OK | |
| r-devel-linux-x86_64-fedora-gcc | 0.1.0 | 36.00 | 806.22 | 842.22 | OK | |
| r-devel-windows-x86_64 | 0.1.0 | 22.00 | 565.00 | 587.00 | OK | |
| r-patched-linux-x86_64 | 0.1.0 | 16.67 | 434.10 | 450.77 | OK | |
| r-release-linux-x86_64 | 0.1.0 | 16.78 | 440.12 | 456.90 | OK | |
| r-release-macos-arm64 | 0.1.0 | 11.00 | 267.00 | 278.00 | OK | |
| r-release-macos-x86_64 | 0.1.0 | 29.00 | 642.00 | 671.00 | OK | |
| r-release-windows-x86_64 | 0.1.0 | 19.00 | 546.00 | 565.00 | OK | |
| r-oldrel-macos-arm64 | 0.1.0 | 12.00 | 267.00 | 279.00 | NOTE | |
| r-oldrel-macos-x86_64 | 0.1.0 | 32.00 | 672.00 | 704.00 | NOTE | |
| r-oldrel-windows-x86_64 | 0.1.0 | 28.00 | 781.00 | 809.00 | NOTE |
Version: 0.1.0
Check: installed package size
Result: NOTE
installed size is 8.9Mb
sub-directories of 1Mb or more:
data 3.5Mb
doc 2.4Mb
Flavors: r-oldrel-macos-arm64, r-oldrel-macos-x86_64, r-oldrel-windows-x86_64