Last updated on 2025-11-20 03:50:09 CET.
| Flavor | Version | Tinstall | Tcheck | Ttotal | Status | Flags |
|---|---|---|---|---|---|---|
| r-devel-linux-x86_64-debian-clang | 0.2.0 | 3.23 | 39.82 | 43.05 | OK | |
| r-devel-linux-x86_64-debian-gcc | 0.2.0 | 2.51 | 30.78 | 33.29 | OK | |
| r-devel-linux-x86_64-fedora-clang | 0.2.0 | 15.00 | 54.61 | 69.61 | NOTE | |
| r-devel-linux-x86_64-fedora-gcc | 0.2.0 | 15.00 | 64.65 | 79.65 | NOTE | |
| r-devel-windows-x86_64 | 0.2.0 | 18.00 | 63.00 | 81.00 | OK | |
| r-patched-linux-x86_64 | 0.2.0 | 3.35 | 36.31 | 39.66 | OK | |
| r-release-linux-x86_64 | 0.2.0 | 3.50 | 36.43 | 39.93 | OK | |
| r-release-macos-arm64 | 0.2.0 | OK | ||||
| r-release-macos-x86_64 | 0.2.0 | 3.00 | 52.00 | 55.00 | OK | |
| r-release-windows-x86_64 | 0.2.0 | 5.00 | 61.00 | 66.00 | OK | |
| r-oldrel-macos-arm64 | 0.2.0 | OK | ||||
| r-oldrel-macos-x86_64 | 0.2.0 | 2.00 | 44.00 | 46.00 | OK | |
| r-oldrel-windows-x86_64 | 0.2.0 | 7.00 | 70.00 | 77.00 | OK |
Version: 0.2.0
Check: dependencies in R code
Result: NOTE
Namespaces in Imports field not imported from:
‘knitr’ ‘rmarkdown’ ‘utils’
All declared Imports should be used.
Flavors: r-devel-linux-x86_64-fedora-clang, r-devel-linux-x86_64-fedora-gcc