Last updated on 2022-07-02 01:48:58 CEST.
Flavor | Version | Tinstall | Tcheck | Ttotal | Status | Flags |
---|---|---|---|---|---|---|
r-devel-linux-x86_64-debian-clang | 1.3 | 14.60 | 120.04 | 134.64 | OK | |
r-devel-linux-x86_64-debian-gcc | 1.3 | 12.36 | 87.03 | 99.39 | OK | |
r-devel-linux-x86_64-fedora-clang | 1.3 | 176.47 | WARN | |||
r-devel-linux-x86_64-fedora-gcc | 1.3 | 166.29 | WARN | |||
r-devel-windows-x86_64 | 1.3 | 35.00 | 140.00 | 175.00 | OK | |
r-patched-linux-x86_64 | 1.3 | 17.44 | 111.18 | 128.62 | OK | |
r-release-linux-x86_64 | 1.3 | 9.50 | 112.22 | 121.72 | OK | |
r-release-macos-arm64 | 1.3 | 45.00 | OK | |||
r-release-macos-x86_64 | 1.3 | 79.00 | OK | |||
r-release-windows-x86_64 | 1.3 | 26.00 | 136.00 | 162.00 | OK | |
r-oldrel-macos-arm64 | 1.3 | 63.00 | OK | |||
r-oldrel-macos-x86_64 | 1.3 | 88.00 | OK | |||
r-oldrel-windows-ix86+x86_64 | 1.3 | 33.00 | 134.00 | 167.00 | OK |
Version: 1.3
Check: package dependencies
Result: WARN
Requires (indirectly) orphaned package: ‘gtools’
Flavors: r-devel-linux-x86_64-fedora-clang, r-devel-linux-x86_64-fedora-gcc