CRAN Package Check Results for Package MCMCpack

Last updated on 2019-11-19 07:53:15 CET.

Flavor Version Tinstall Tcheck Ttotal Status Flags
r-devel-linux-x86_64-debian-clang 1.4-4 480.36 109.22 589.58 OK
r-devel-linux-x86_64-debian-gcc 1.4-4 316.63 87.40 404.03 OK
r-devel-linux-x86_64-fedora-clang 1.4-4 879.94 WARN
r-devel-linux-x86_64-fedora-gcc 1.4-4 715.04 OK
r-devel-windows-ix86+x86_64 1.4-4 758.00 196.00 954.00 NOTE
r-patched-linux-x86_64 1.4-4 282.97 103.63 386.60 OK
r-patched-solaris-x86 1.4-4 959.00 NOTE
r-release-linux-x86_64 1.4-4 275.79 103.67 379.46 OK
r-release-windows-ix86+x86_64 1.4-4 511.00 156.00 667.00 NOTE
r-release-osx-x86_64 1.4-4 NOTE
r-oldrel-windows-ix86+x86_64 1.4-4 476.00 202.00 678.00 NOTE
r-oldrel-osx-x86_64 1.4-4 NOTE

Additional issues

LTO

Check Details

Version: 1.4-4
Check: whether package can be installed
Result: WARN
    Found the following significant warnings:
     ./matrix.h:4401:3: warning: 'bind1st<std::__1::multiplies<double>, double>' is deprecated [-Wdeprecated-declarations]
     ./matrix.h:4401:3: warning: 'bind2nd<std::__1::multiplies<double>, double>' is deprecated [-Wdeprecated-declarations]
     ./matrix.h:4330:3: warning: 'bind1st<std::__1::plus<double>, double>' is deprecated [-Wdeprecated-declarations]
     ./matrix.h:4330:3: warning: 'bind2nd<std::__1::plus<double>, double>' is deprecated [-Wdeprecated-declarations]
     ./matrix.h:4436:3: warning: 'bind1st<std::__1::divides<double>, double>' is deprecated [-Wdeprecated-declarations]
     ./matrix.h:4436:3: warning: 'bind2nd<std::__1::divides<double>, double>' is deprecated [-Wdeprecated-declarations]
     ./matrix.h:4365:3: warning: 'bind1st<std::__1::minus<double>, double>' is deprecated [-Wdeprecated-declarations]
     ./matrix.h:4365:3: warning: 'bind2nd<std::__1::minus<double>, double>' is deprecated [-Wdeprecated-declarations]
     ./matrix.h:4365:3: warning: 'bind1st<std::__1::minus<bool>, bool>' is deprecated [-Wdeprecated-declarations]
     ./matrix.h:4365:3: warning: 'bind2nd<std::__1::minus<bool>, bool>' is deprecated [-Wdeprecated-declarations]
     ./smath.h:762:3: warning: 'ptr_fun<double, int, double>' is deprecated [-Wdeprecated-declarations]
     ./smath.h:762:3: warning: 'bind1st<std::__1::pointer_to_binary_function<double, int, double>, double>' is deprecated [-Wdeprecated-declarations]
     ./smath.h:762:3: warning: 'bind2nd<std::__1::pointer_to_binary_function<double, int, double>, int>' is deprecated [-Wdeprecated-declarations]
     ./matrix.h:2180:31: warning: 'bind1st<std::__1::divides<double>, double>' is deprecated [-Wdeprecated-declarations]
     ./matrix.h:2183:13: warning: 'bind2nd<std::__1::divides<double>, double>' is deprecated [-Wdeprecated-declarations]
     :3: warning: 'bind2nd<std::__1::minus<double>, double>' is deprecated [-Wdeprecated-declarations]
     ./matrix.h:4690:3: warning: 'bind1st<std::__1::equal_to<double>, double>' is deprecated [-Wdeprecated-declarations]
     ./matrix.h:4690:3: warning: 'bind2nd<std::__1::equal_to<double>, double>' is deprecated [-Wdeprecated-declarations]
     ./matrix.h:4919:3: warning: 'bind1st<std::__1::logical_and<bool>, bool>' is deprecated [-Wdeprecated-declarations]
     ./matrix.h:4919:3: warning: 'bind2nd<std::__1::logical_and<bool>, bool>' is deprecated [-Wdeprecated-declarations]
     ./matrix.h:4842:3: warning: 'bind1st<std::__1::greater<double>, double>' is deprecated [-Wdeprecated-declarations]
     ./matrix.h:4842:3: warning: 'bind2nd<std::__1::greater<double>, double>' is deprecated [-Wdeprecated-declarations]
     ./matrix.h:2180:31: warning: 'bind1st<std::__1::plus<double>, double>' is deprecated [-Wdeprecated-declarations]
     ./matrix.h:2183:13: warning: 'bind2nd<std::__1::plus<double>, double>' is deprecated [-Wdeprecated-declarations]
     ./matrix.h:2180:31: warning: 'bind1st<std::__1::minus<double>, double>' is deprecated [-Wdeprecated-declarations]
     ./matrix.h:2183:13: warning: 'bind2nd<std::__1::minus<double>, double>' is deprecated [-Wdeprecated-declarations]
     ./matrix.h:4842:3: warning: 'bind1st<std::__1::greater<int>, int>' is deprecated [-Wdeprecated-declarations]
     ./matrix.h:4842:3: warning: 'bind2nd<std::__1::greater<int>, int>' is deprecated [-Wdeprecated-declarations]
     4401:3: warning: const Matrix<> eta = X * beta;'bind1st<std::__1::multiplies<double>, double>' is deprecated [-Wdeprecated-declarations]
     ./smath.h:762:3: warning: 'ptr_fun<double, double, double>' is deprecated [-Wdeprecated-declarations]
     ./smath.h:762:3: warning: 'bind1st<std::__1::pointer_to_binary_function<double, double, double>, double>' is deprecated [-Wdeprecated-declarations]
     ./smath.h:762:3: warning: 'bind2nd<std::__1::pointer_to_binary_function<double, double, double>, double>' is deprecated [-Wdeprecated-declarations]
     ./matrix.h:4401:3: warning: std::bind2nd(FUNCTOR <T_type>(), rhs(0))); \'bind1st<std::__1::multiplies<double>, double>' is deprecated [-Wdeprecated-declarations]
     ./matrix.h:2180:31: warning: 'bind1st<std::__1::multiplies<double>, double>' is deprecated [-Wdeprecated-declarations]
     ./matrix.h:2183:13: warning: 'bind2nd<std::__1::multiplies<double>, double>' is deprecated [-Wdeprecated-declarations]
Flavor: r-devel-linux-x86_64-fedora-clang

Version: 1.4-4
Check: installed package size
Result: NOTE
     installed size is 45.4Mb
     sub-directories of 1Mb or more:
     libs 44.3Mb
Flavors: r-devel-linux-x86_64-fedora-clang, r-devel-windows-ix86+x86_64, r-patched-solaris-x86, r-release-windows-ix86+x86_64, r-release-osx-x86_64, r-oldrel-windows-ix86+x86_64, r-oldrel-osx-x86_64