Last updated on 2025-11-09 01:48:45 CET.
| Flavor | Version | Tinstall | Tcheck | Ttotal | Status | Flags |
|---|---|---|---|---|---|---|
| r-devel-linux-x86_64-debian-clang | 2.22.9 | 1206.77 | 405.44 | 1612.21 | OK | |
| r-devel-linux-x86_64-debian-gcc | 2.22.10 | 973.86 | 383.43 | 1357.29 | OK | |
| r-devel-linux-x86_64-fedora-clang | 2.22.10 | 3420.00 | -1220.91 | 2199.09 | OK | |
| r-devel-linux-x86_64-fedora-gcc | 2.22.9 | 3780.00 | -625.59 | 3154.41 | OK | |
| r-devel-windows-x86_64 | 2.22.9 | 1252.00 | 551.00 | 1803.00 | OK | |
| r-patched-linux-x86_64 | 2.22.9 | 1364.82 | 526.06 | 1890.88 | OK | |
| r-release-linux-x86_64 | 2.22.10 | 1339.29 | 533.76 | 1873.05 | OK | |
| r-release-macos-arm64 | 2.22.10 | 479.00 | 164.00 | 643.00 | OK | |
| r-release-macos-x86_64 | 2.22.10 | 461.00 | 370.00 | 831.00 | OK | |
| r-release-windows-x86_64 | 2.22.10 | 915.00 | 545.00 | 1460.00 | OK | |
| r-oldrel-macos-arm64 | 2.22.10 | 168.00 | 17.00 | 185.00 | ERROR | |
| r-oldrel-macos-x86_64 | 2.22.10 | 158.00 | 30.00 | 188.00 | ERROR | |
| r-oldrel-windows-x86_64 | 2.21.13 | 1421.00 | 673.00 | 2094.00 | NOTE |
Version: 2.22.10
Check: whether package can be installed
Result: ERROR
Installation failed.
Flavors: r-oldrel-macos-arm64, r-oldrel-macos-x86_64
Version: 2.21.13
Check: installed package size
Result: NOTE
installed size is 16.4Mb
sub-directories of 1Mb or more:
R 2.6Mb
data 1.4Mb
libs 5.1Mb
models 4.8Mb
Flavor: r-oldrel-windows-x86_64
Version: 2.21.13
Check: for GNU extensions in Makefiles
Result: NOTE
GNU make is a SystemRequirements.
Flavor: r-oldrel-windows-x86_64