Last updated on 2024-04-23 01:57:11 CEST.
Flavor | Version | Tinstall | Tcheck | Ttotal | Status | Flags |
---|---|---|---|---|---|---|
r-devel-linux-x86_64-debian-clang | 0.8-9 | 66.30 | 216.98 | 283.28 | OK | |
r-devel-linux-x86_64-debian-gcc | 0.8-9 | 50.10 | 151.07 | 201.17 | OK | |
r-devel-linux-x86_64-fedora-clang | 0.8-9 | 353.94 | NOTE | |||
r-devel-linux-x86_64-fedora-gcc | 0.8-9 | 327.82 | OK | |||
r-prerel-macos-arm64 | 0.8-9 | 80.00 | OK | |||
r-prerel-macos-x86_64 | 0.8-9 | 261.00 | OK | |||
r-prerel-windows-x86_64 | 0.8-9 | 49.00 | 153.00 | 202.00 | OK | |
r-patched-linux-x86_64 | 0.8-9 | 51.48 | 201.40 | 252.88 | OK | |
r-release-linux-x86_64 | 0.8-9 | 41.13 | 210.58 | 251.71 | OK | |
r-release-macos-arm64 | 0.8-9 | 87.00 | OK | |||
r-release-macos-x86_64 | 0.8-9 | 186.00 | OK | |||
r-release-windows-x86_64 | 0.8-9 | 66.00 | 207.00 | 273.00 | OK | |
r-oldrel-macos-arm64 | 0.8-9 | 91.00 | OK | |||
r-oldrel-windows-x86_64 | 0.8-9 | 73.00 | 188.00 | 261.00 | OK |
Version: 0.8-9
Check: Rd cross-references
Result: NOTE
Undeclared package ‘generics’ in Rd xrefs
Flavor: r-devel-linux-x86_64-fedora-clang