Last updated on 2025-11-12 01:49:11 CET.
| Flavor | Version | Tinstall | Tcheck | Ttotal | Status | Flags |
|---|---|---|---|---|---|---|
| r-devel-linux-x86_64-debian-clang | 2.2.5 | 6.12 | 83.28 | 89.40 | NOTE | |
| r-devel-linux-x86_64-debian-gcc | 2.2.5 | 5.90 | 63.91 | 69.81 | NOTE | |
| r-devel-linux-x86_64-fedora-clang | 2.2.5 | 49.00 | 97.35 | 146.35 | OK | |
| r-devel-linux-x86_64-fedora-gcc | 2.2.5 | 16.00 | 133.15 | 149.15 | OK | |
| r-devel-windows-x86_64 | 2.2.5 | 10.00 | 96.00 | 106.00 | OK | |
| r-patched-linux-x86_64 | 2.2.5 | 7.54 | 78.32 | 85.86 | OK | |
| r-release-linux-x86_64 | 2.2.5 | 7.94 | 78.40 | 86.34 | OK | |
| r-release-macos-arm64 | 2.2.5 | 3.00 | 53.00 | 56.00 | OK | |
| r-release-macos-x86_64 | 2.2.5 | 6.00 | 80.00 | 86.00 | OK | |
| r-release-windows-x86_64 | 2.2.5 | 10.00 | 96.00 | 106.00 | OK | |
| r-oldrel-macos-arm64 | 2.2.5 | 3.00 | 50.00 | 53.00 | OK | |
| r-oldrel-macos-x86_64 | 2.2.5 | 5.00 | 75.00 | 80.00 | OK | |
| r-oldrel-windows-x86_64 | 2.2.5 | 13.00 | 117.00 | 130.00 | OK |
Version: 2.2.5
Check: CRAN incoming feasibility
Result: NOTE
Maintainer: ‘Mathew Chamberlain <chamberlainphd@gmail.com>’
Package CITATION file contains call(s) to old-style personList() or
as.personList(). Please use c() on person objects instead.
Package CITATION file contains call(s) to old-style citEntry(). Please
use bibentry() instead.
Flavors: r-devel-linux-x86_64-debian-clang, r-devel-linux-x86_64-debian-gcc