Last updated on 2025-04-30 02:50:55 CEST.
Flavor | Version | Tinstall | Tcheck | Ttotal | Status | Flags |
---|---|---|---|---|---|---|
r-devel-linux-x86_64-debian-clang | 1.4 | 9.01 | 93.59 | 102.60 | NOTE | |
r-devel-linux-x86_64-debian-gcc | 1.4 | 6.43 | 63.16 | 69.59 | NOTE | |
r-devel-linux-x86_64-fedora-clang | 1.4 | 160.41 | OK | |||
r-devel-linux-x86_64-fedora-gcc | 1.4 | 152.88 | OK | |||
r-devel-windows-x86_64 | 1.4 | 9.00 | 253.00 | 262.00 | OK | |
r-patched-linux-x86_64 | 1.4 | 8.54 | 89.28 | 97.82 | OK | |
r-release-linux-x86_64 | 1.4 | 8.87 | 88.79 | 97.66 | OK | |
r-release-macos-arm64 | 1.4 | 50.00 | OK | |||
r-release-macos-x86_64 | 1.4 | 96.00 | OK | |||
r-release-windows-x86_64 | 1.4 | 11.00 | 96.00 | 107.00 | OK | |
r-oldrel-macos-arm64 | 1.4 | 42.00 | OK | |||
r-oldrel-macos-x86_64 | 1.4 | 62.00 | OK | |||
r-oldrel-windows-x86_64 | 1.4 | 11.00 | 120.00 | 131.00 | OK |
Version: 1.4
Check: CRAN incoming feasibility
Result: NOTE
Maintainer: ‘Sara Algeri <salgeri@umn.edu>’
No Authors@R field in DESCRIPTION.
Please add one, modifying
Authors@R: person(given = "Sara",
family = "Algeri",
role = c("aut", "cre"),
email = "salgeri@umn.edu")
as necessary.
The Description field contains
<arXiv:1803.03858>.
Please refer to arXiv e-prints via their arXiv DOI <doi:10.48550/arXiv.YYMM.NNNNN>.
Flavors: r-devel-linux-x86_64-debian-clang, r-devel-linux-x86_64-debian-gcc
Version: 1.4
Check: examples
Result: NOTE
Examples with CPU (user + system) or elapsed time > 5s
user system elapsed
EC_LRT 4.744 0.289 6.681
find_max 4.822 0.016 7.008
TOHM-package 4.651 0.081 6.278
TOHM_LRT 4.635 0.043 6.384
Flavor: r-devel-linux-x86_64-debian-clang