Last updated on 2025-10-31 01:49:18 CET.
| Flavor | Version | Tinstall | Tcheck | Ttotal | Status | Flags | 
|---|---|---|---|---|---|---|
| r-devel-linux-x86_64-debian-clang | 0.2.0 | 23.01 | 36.44 | 59.45 | OK | |
| r-devel-linux-x86_64-debian-gcc | 0.2.0 | 18.02 | 28.83 | 46.85 | OK | |
| r-devel-linux-x86_64-fedora-clang | 0.2.0 | 46.00 | 42.85 | 88.85 | OK | |
| r-devel-linux-x86_64-fedora-gcc | 0.2.0 | 49.00 | 38.91 | 87.91 | OK | |
| r-devel-windows-x86_64 | 0.2.0 | 22.00 | 64.00 | 86.00 | OK | |
| r-patched-linux-x86_64 | 0.2.0 | 24.67 | 33.66 | 58.33 | OK | |
| r-release-linux-x86_64 | 0.2.0 | 22.86 | 33.98 | 56.84 | OK | |
| r-release-macos-arm64 | 0.2.0 | 16.00 | 23.00 | 39.00 | OK | |
| r-release-macos-x86_64 | 0.2.0 | 28.00 | 40.00 | 68.00 | OK | |
| r-release-windows-x86_64 | 0.2.0 | 23.00 | 66.00 | 89.00 | OK | |
| r-oldrel-macos-arm64 | 0.2.0 | 15.00 | 23.00 | 38.00 | NOTE | |
| r-oldrel-macos-x86_64 | 0.2.0 | 18.00 | 32.00 | 50.00 | NOTE | |
| r-oldrel-windows-x86_64 | 0.2.0 | 24.00 | 75.00 | 99.00 | NOTE | 
Version: 0.2.0
Check: installed package size
Result: NOTE
    installed size is  7.3Mb
    sub-directories of 1Mb or more:
      data   7.1Mb
Flavors: r-oldrel-macos-arm64, r-oldrel-macos-x86_64, r-oldrel-windows-x86_64