Last updated on 2024-04-24 01:52:03 CEST.
Flavor | Version | Tinstall | Tcheck | Ttotal | Status | Flags |
---|---|---|---|---|---|---|
r-devel-linux-x86_64-debian-clang | 0.9.9 | 15.38 | 203.38 | 218.76 | OK | |
r-devel-linux-x86_64-debian-gcc | 0.9.9 | 12.64 | 156.91 | 169.55 | OK | |
r-devel-linux-x86_64-fedora-clang | 0.9.9 | 292.80 | NOTE | |||
r-devel-linux-x86_64-fedora-gcc | 0.9.9 | 285.11 | OK | |||
r-prerel-macos-arm64 | 0.9.9 | 81.00 | OK | |||
r-prerel-windows-x86_64 | 0.9.9 | 15.00 | 162.00 | 177.00 | OK | |
r-patched-linux-x86_64 | 0.9.9 | 25.05 | 196.56 | 221.61 | OK | |
r-release-linux-x86_64 | 0.9.9 | 16.15 | 200.25 | 216.40 | OK | |
r-release-macos-arm64 | 0.9.9 | 89.00 | OK | |||
r-release-macos-x86_64 | 0.9.9 | 141.00 | OK | |||
r-release-windows-x86_64 | 0.9.9 | 18.00 | 202.00 | 220.00 | OK | |
r-oldrel-macos-arm64 | 0.9.9 | 83.00 | OK | |||
r-oldrel-windows-x86_64 | 0.9.9 | 19.00 | 211.00 | 230.00 | OK |
Version: 0.9.9
Check: Rd cross-references
Result: NOTE
Undeclared package ‘SnowballC’ in Rd xrefs
Flavor: r-devel-linux-x86_64-fedora-clang