Last updated on 2024-04-24 01:52:04 CEST.
Flavor | Version | Tinstall | Tcheck | Ttotal | Status | Flags |
---|---|---|---|---|---|---|
r-devel-linux-x86_64-debian-clang | 2.1.0 | 19.94 | 206.83 | 226.77 | OK | |
r-devel-linux-x86_64-debian-gcc | 2.1.0 | 13.82 | 148.95 | 162.77 | OK | |
r-devel-linux-x86_64-fedora-clang | 2.1.0 | 275.25 | NOTE | |||
r-devel-linux-x86_64-fedora-gcc | 2.1.0 | 279.88 | OK | |||
r-prerel-macos-arm64 | 2.1.0 | 87.00 | NOTE | |||
r-prerel-macos-x86_64 | 2.1.0 | 240.00 | NOTE | |||
r-prerel-windows-x86_64 | 2.1.0 | 16.00 | 171.00 | 187.00 | NOTE | |
r-patched-linux-x86_64 | 1.0.6 | 15.65 | 141.68 | 157.33 | OK | |
r-release-linux-x86_64 | 1.0.6 | 9.49 | 139.67 | 149.16 | OK | |
r-release-macos-arm64 | 2.1.0 | 98.00 | NOTE | |||
r-release-macos-x86_64 | 2.1.0 | 233.00 | NOTE | |||
r-release-windows-x86_64 | 2.1.0 | 20.00 | 204.00 | 224.00 | NOTE | |
r-oldrel-macos-arm64 | 2.1.0 | 127.00 | NOTE | |||
r-oldrel-windows-x86_64 | 1.0.6 | 13.00 | 152.00 | 165.00 | OK |
Version: 2.1.0
Check: installed package size
Result: NOTE
installed size is 6.1Mb
sub-directories of 1Mb or more:
doc 2.8Mb
help 2.2Mb
Flavors: r-devel-linux-x86_64-fedora-clang, r-prerel-macos-arm64, r-prerel-macos-x86_64, r-prerel-windows-x86_64, r-release-macos-arm64, r-release-macos-x86_64, r-release-windows-x86_64, r-oldrel-macos-arm64
Version: 2.1.0
Check: Rd cross-references
Result: NOTE
Undeclared package ‘monitoR’ in Rd xrefs
Flavor: r-devel-linux-x86_64-fedora-clang