Last updated on 2022-07-04 02:53:28 CEST.
Flavor | Version | Tinstall | Tcheck | Ttotal | Status | Flags |
---|---|---|---|---|---|---|
r-devel-linux-x86_64-debian-clang | 1.0.1 | 10.07 | 90.83 | 100.90 | OK | |
r-devel-linux-x86_64-debian-gcc | 1.0.1 | 9.62 | 66.21 | 75.83 | OK | |
r-devel-linux-x86_64-fedora-clang | 1.0.1 | 128.09 | NOTE | |||
r-devel-linux-x86_64-fedora-gcc | 1.0.1 | 127.20 | NOTE | |||
r-devel-windows-x86_64 | 1.0.1 | 22.00 | 108.00 | 130.00 | OK | |
r-patched-linux-x86_64 | 1.0.1 | 9.56 | 84.22 | 93.78 | OK | |
r-release-linux-x86_64 | 1.0.1 | 7.32 | 85.88 | 93.20 | OK | |
r-release-macos-arm64 | 1.0.1 | 36.00 | NOTE | |||
r-release-macos-x86_64 | 1.0.1 | 66.00 | NOTE | |||
r-release-windows-x86_64 | 1.0.1 | 21.00 | 113.00 | 134.00 | OK | |
r-oldrel-macos-arm64 | 1.0.1 | 37.00 | NOTE | |||
r-oldrel-macos-x86_64 | 1.0.1 | 49.00 | NOTE | |||
r-oldrel-windows-ix86+x86_64 | 1.0.1 | 28.00 | 104.00 | 132.00 | OK |
Version: 1.0.1
Check: dependencies in R code
Result: NOTE
Namespaces in Imports field not imported from:
‘Rdpack’ ‘pacman’
All declared Imports should be used.
Flavors: r-devel-linux-x86_64-fedora-clang, r-devel-linux-x86_64-fedora-gcc, r-release-macos-arm64, r-release-macos-x86_64, r-oldrel-macos-arm64, r-oldrel-macos-x86_64