Last updated on 2022-05-20 01:51:06 CEST.
Flavor | Version | Tinstall | Tcheck | Ttotal | Status | Flags |
---|---|---|---|---|---|---|
r-devel-linux-x86_64-debian-clang | 0.1.9 | 12.27 | 150.98 | 163.25 | OK | |
r-devel-linux-x86_64-debian-gcc | 0.1.9 | 9.94 | 109.03 | 118.97 | OK | |
r-devel-linux-x86_64-fedora-clang | 0.1.9 | 194.04 | NOTE | |||
r-devel-linux-x86_64-fedora-gcc | 0.1.9 | 179.53 | OK | |||
r-devel-windows-x86_64 | 0.1.9 | 31.00 | 183.00 | 214.00 | NOTE | |
r-patched-linux-x86_64 | 0.1.9 | 10.95 | 138.82 | 149.77 | OK | |
r-release-linux-x86_64 | 0.1.9 | 10.84 | 137.23 | 148.07 | OK | |
r-release-macos-arm64 | 0.1.9 | 67.00 | NOTE | |||
r-release-macos-x86_64 | 0.1.9 | 88.00 | NOTE | |||
r-release-windows-x86_64 | 0.1.9 | 44.00 | 186.00 | 230.00 | NOTE | |
r-oldrel-macos-arm64 | 0.1.9 | 66.00 | NOTE | |||
r-oldrel-macos-x86_64 | 0.1.9 | 90.00 | NOTE | |||
r-oldrel-windows-ix86+x86_64 | 0.1.9 | 28.00 | 169.00 | 197.00 | NOTE |
Version: 0.1.9
Check: installed package size
Result: NOTE
installed size is 5.6Mb
sub-directories of 1Mb or more:
data 1.5Mb
doc 3.8Mb
Flavors: r-devel-linux-x86_64-fedora-clang, r-devel-windows-x86_64, r-release-macos-arm64, r-release-macos-x86_64, r-release-windows-x86_64, r-oldrel-macos-arm64, r-oldrel-macos-x86_64, r-oldrel-windows-ix86+x86_64