Last updated on 2024-04-20 01:49:58 CEST.
Flavor | Version | Tinstall | Tcheck | Ttotal | Status | Flags |
---|---|---|---|---|---|---|
r-devel-linux-x86_64-debian-clang | 0.2.1 | 11.77 | 120.12 | 131.89 | OK | |
r-devel-linux-x86_64-debian-gcc | 0.2.1 | OK | ||||
r-devel-linux-x86_64-fedora-clang | 0.2.1 | 159.28 | NOTE | |||
r-devel-linux-x86_64-fedora-gcc | 0.2.1 | 163.31 | OK | |||
r-prerel-macos-arm64 | 0.2.1 | 56.00 | NOTE | |||
r-prerel-windows-x86_64 | 0.2.1 | 13.00 | 109.00 | 122.00 | NOTE | |
r-patched-linux-x86_64 | 0.2.1 | 7.76 | 112.61 | 120.37 | OK | |
r-release-linux-x86_64 | 0.2.1 | 7.47 | 111.85 | 119.32 | OK | |
r-release-macos-arm64 | 0.2.1 | 52.00 | NOTE | |||
r-release-macos-x86_64 | 0.2.1 | 98.00 | NOTE | |||
r-release-windows-x86_64 | 0.2.1 | 15.00 | 125.00 | 140.00 | NOTE | |
r-oldrel-macos-arm64 | 0.2.1 | 50.00 | NOTE | |||
r-oldrel-windows-x86_64 | 0.2.1 | 16.00 | 129.00 | 145.00 | NOTE |
Version: 0.2.1
Check: installed package size
Result: NOTE
installed size is 5.5Mb
sub-directories of 1Mb or more:
data 1.4Mb
doc 3.8Mb
Flavors: r-devel-linux-x86_64-fedora-clang, r-prerel-macos-arm64, r-prerel-windows-x86_64, r-release-macos-arm64, r-release-macos-x86_64, r-release-windows-x86_64, r-oldrel-macos-arm64, r-oldrel-windows-x86_64