CRAN Package Check Results for Package infiltrodiscR

Last updated on 2025-05-09 01:50:07 CEST.

Flavor Version Tinstall Tcheck Ttotal Status Flags
r-devel-linux-x86_64-debian-clang 0.0.5 1.32 22.98 24.30 OK
r-devel-linux-x86_64-debian-gcc 0.0.5 1.44 18.46 19.90 OK
r-devel-linux-x86_64-fedora-clang 0.0.5 37.18 NOTE
r-devel-linux-x86_64-fedora-gcc 0.0.5 37.76 NOTE
r-devel-windows-x86_64 0.0.5 3.00 42.00 45.00 OK
r-patched-linux-x86_64 0.0.5 1.64 20.99 22.63 OK
r-release-linux-x86_64 0.0.5 1.68 20.69 22.37 OK
r-release-macos-arm64 0.0.5 17.00 OK
r-release-macos-x86_64 0.0.5 27.00 OK
r-release-windows-x86_64 0.0.5 5.00 45.00 50.00 OK
r-oldrel-macos-arm64 0.0.5 19.00 OK
r-oldrel-macos-x86_64 0.0.5 30.00 OK
r-oldrel-windows-x86_64 0.0.5 4.00 48.00 52.00 OK

Check Details

Version: 0.0.5
Check: dependencies in R code
Result: NOTE Namespace in Imports field not imported from: ‘utils’ All declared Imports should be used. Flavors: r-devel-linux-x86_64-fedora-clang, r-devel-linux-x86_64-fedora-gcc