Last updated on 2024-04-19 01:58:49 CEST.
Flavor | Version | Tinstall | Tcheck | Ttotal | Status | Flags |
---|---|---|---|---|---|---|
r-devel-linux-x86_64-debian-clang | 0.9.3 | 4.11 | 53.80 | 57.91 | OK | |
r-devel-linux-x86_64-debian-gcc | 0.9.3 | 4.69 | 40.62 | 45.31 | OK | |
r-devel-linux-x86_64-fedora-clang | 0.9.3 | 74.57 | NOTE | |||
r-devel-linux-x86_64-fedora-gcc | 0.9.3 | 69.28 | NOTE | |||
r-prerel-macos-arm64 | 0.9.3 | 32.00 | OK | |||
r-prerel-macos-x86_64 | 0.9.3 | 66.00 | OK | |||
r-prerel-windows-x86_64 | 0.9.3 | 7.00 | 72.00 | 79.00 | OK | |
r-patched-linux-x86_64 | 0.9.3 | 6.39 | 52.09 | 58.48 | OK | |
r-release-linux-x86_64 | 0.9.3 | 5.11 | 51.14 | 56.25 | OK | |
r-release-macos-arm64 | 0.9.3 | 34.00 | OK | |||
r-release-macos-x86_64 | 0.9.3 | 55.00 | OK | |||
r-release-windows-x86_64 | 0.9.3 | 8.00 | 75.00 | 83.00 | OK | |
r-oldrel-macos-arm64 | 0.9.3 | 32.00 | OK | |||
r-oldrel-windows-x86_64 | 0.9.3 | 8.00 | 69.00 | 77.00 | OK |
Version: 0.9.3
Check: data for non-ASCII characters
Result: NOTE
Note: found 1 marked UTF-8 string
Flavors: r-devel-linux-x86_64-fedora-clang, r-devel-linux-x86_64-fedora-gcc