Last updated on 2024-04-18 01:55:24 CEST.
Flavor | Version | Tinstall | Tcheck | Ttotal | Status | Flags |
---|---|---|---|---|---|---|
r-devel-linux-x86_64-debian-clang | 0.5.5 | 9.86 | 118.43 | 128.29 | NOTE | |
r-devel-linux-x86_64-debian-gcc | 0.5.5 | 7.35 | 91.39 | 98.74 | NOTE | |
r-devel-linux-x86_64-fedora-clang | 0.5.5 | 166.18 | NOTE | |||
r-devel-linux-x86_64-fedora-gcc | 0.5.5 | 168.73 | NOTE | |||
r-prerel-macos-arm64 | 0.5.5 | 57.00 | NOTE | |||
r-prerel-windows-x86_64 | 0.5.5 | 10.00 | 119.00 | 129.00 | NOTE | |
r-patched-linux-x86_64 | 0.5.5 | 7.35 | 114.48 | 121.83 | NOTE | |
r-release-linux-x86_64 | 0.5.5 | 7.41 | 113.46 | 120.87 | OK | |
r-release-macos-arm64 | 0.5.5 | 58.00 | OK | |||
r-release-macos-x86_64 | 0.5.5 | 96.00 | OK | |||
r-release-windows-x86_64 | 0.5.5 | 16.00 | 131.00 | 147.00 | OK | |
r-oldrel-macos-arm64 | 0.5.5 | 45.00 | NOTE | |||
r-oldrel-windows-x86_64 | 0.5.5 | 15.00 | 138.00 | 153.00 | OK |
Version: 0.5.5
Check: Rd files
Result: NOTE
checkRd: (-1) geom_categorical_model.Rd:75: Lost braces; missing escapes or markup?
75 | the {ggplot2} package, but provides functionality that \code{geom_smooth()}
| ^
checkRd: (-1) geom_parallel_slopes.Rd:85: Lost braces; missing escapes or markup?
85 | {ggplot2} grouping aesthetics: \code{group}, \code{color}, \code{fill},
| ^
checkRd: (-1) geom_parallel_slopes.Rd:87: Lost braces; missing escapes or markup?
87 | {ggplot2} package, but provides functionality that \code{geom_smooth()}
| ^
Flavors: r-devel-linux-x86_64-debian-clang, r-devel-linux-x86_64-debian-gcc, r-devel-linux-x86_64-fedora-clang, r-devel-linux-x86_64-fedora-gcc, r-prerel-macos-arm64, r-prerel-windows-x86_64, r-patched-linux-x86_64
Version: 0.5.5
Check: data for non-ASCII characters
Result: NOTE
Note: found 5238 marked UTF-8 strings
Flavors: r-devel-linux-x86_64-fedora-clang, r-devel-linux-x86_64-fedora-gcc, r-oldrel-macos-arm64