CRAN Package Check Results for Package personalr

Last updated on 2022-07-01 01:49:38 CEST.

Flavor Version Tinstall Tcheck Ttotal Status Flags
r-devel-linux-x86_64-debian-clang 1.0.1 2.62 24.58 27.20 NOTE
r-devel-linux-x86_64-debian-gcc 1.0.1 1.98 18.81 20.79 NOTE
r-devel-linux-x86_64-fedora-clang 1.0.1 43.24 NOTE
r-devel-linux-x86_64-fedora-gcc 1.0.1 42.38 NOTE
r-devel-windows-x86_64 1.0.1 5.00 54.00 59.00 NOTE
r-patched-linux-x86_64 1.0.1 2.66 23.69 26.35 NOTE
r-release-linux-x86_64 1.0.1 1.82 23.54 25.36 NOTE
r-release-macos-arm64 1.0.1 17.00 NOTE
r-release-macos-x86_64 1.0.1 25.00 NOTE
r-release-windows-x86_64 1.0.1 12.00 54.00 66.00 NOTE
r-oldrel-macos-arm64 1.0.1 19.00 NOTE
r-oldrel-macos-x86_64 1.0.1 24.00 NOTE
r-oldrel-windows-ix86+x86_64 1.0.1 8.00 47.00 55.00 NOTE

Check Details

Version: 1.0.1
Check: LazyData
Result: NOTE
     'LazyData' is specified without a 'data' directory
Flavors: r-devel-linux-x86_64-debian-clang, r-devel-linux-x86_64-debian-gcc, r-devel-linux-x86_64-fedora-clang, r-devel-linux-x86_64-fedora-gcc, r-devel-windows-x86_64, r-patched-linux-x86_64, r-release-linux-x86_64, r-release-macos-arm64, r-release-macos-x86_64, r-release-windows-x86_64, r-oldrel-macos-arm64, r-oldrel-macos-x86_64, r-oldrel-windows-ix86+x86_64