Last updated on 2024-03-29 01:51:17 CET.
Flavor | Version | Tinstall | Tcheck | Ttotal | Status | Flags |
---|---|---|---|---|---|---|
r-devel-linux-x86_64-debian-clang | 0.9.22 | 4.32 | 177.34 | 181.66 | NOTE | |
r-devel-linux-x86_64-debian-gcc | 0.9.22 | 2.71 | 130.15 | 132.86 | NOTE | |
r-devel-linux-x86_64-fedora-clang | 0.9.22 | 216.73 | NOTE | |||
r-devel-linux-x86_64-fedora-gcc | 0.9.22 | 233.50 | NOTE | |||
r-devel-windows-x86_64 | 0.9.22 | 6.00 | 169.00 | 175.00 | NOTE | |
r-patched-linux-x86_64 | 0.9.22 | 12.96 | 174.52 | 187.48 | NOTE | |
r-release-linux-x86_64 | 0.9.22 | 5.46 | 170.51 | 175.97 | OK | |
r-release-macos-arm64 | 0.9.22 | 80.00 | OK | |||
r-release-macos-x86_64 | 0.9.22 | 115.00 | OK | |||
r-release-windows-x86_64 | 0.9.22 | 7.00 | 194.00 | 201.00 | OK | |
r-oldrel-macos-arm64 | 0.9.22 | 61.00 | NOTE | |||
r-oldrel-windows-x86_64 | 0.9.22 | 7.00 | 193.00 | 200.00 | OK |
Version: 0.9.22
Check: Rd files
Result: NOTE
checkRd: (-1) rptBinary.Rd:89: Lost braces
89 | Note that the distribution might not be symmetrical, in which case the emph{se} is less informative.}
| ^
Flavors: r-devel-linux-x86_64-debian-clang, r-devel-linux-x86_64-debian-gcc, r-devel-linux-x86_64-fedora-clang, r-devel-linux-x86_64-fedora-gcc, r-devel-windows-x86_64, r-patched-linux-x86_64
Version: 0.9.22
Check: dependencies in R code
Result: NOTE
Namespace in Imports field not imported from: ‘methods’
All declared Imports should be used.
Flavors: r-devel-linux-x86_64-fedora-clang, r-devel-linux-x86_64-fedora-gcc, r-oldrel-macos-arm64