Last updated on 2022-05-25 02:52:30 CEST.
Flavor | Version | Tinstall | Tcheck | Ttotal | Status | Flags |
---|---|---|---|---|---|---|
r-devel-linux-x86_64-debian-clang | 2.6.0 | 14.89 | 154.79 | 169.68 | NOTE | |
r-devel-linux-x86_64-debian-gcc | 2.6.0 | 11.39 | 115.69 | 127.08 | NOTE | |
r-devel-linux-x86_64-fedora-clang | 2.6.0 | 214.32 | NOTE | |||
r-devel-linux-x86_64-fedora-gcc | 2.6.0 | 201.17 | NOTE | |||
r-devel-windows-x86_64 | 2.6.0 | 135.00 | 182.00 | 317.00 | NOTE | |
r-patched-linux-x86_64 | 2.6.0 | 14.27 | 145.68 | 159.95 | NOTE | |
r-release-linux-x86_64 | 2.6.0 | NOTE | ||||
r-release-macos-arm64 | 2.6.0 | 56.00 | NOTE | |||
r-release-macos-x86_64 | 2.6.0 | 98.00 | NOTE | |||
r-release-windows-x86_64 | 2.6.0 | 137.00 | 176.00 | 313.00 | NOTE | |
r-oldrel-macos-arm64 | 2.6.0 | 53.00 | NOTE | |||
r-oldrel-macos-x86_64 | 2.6.0 | 72.00 | NOTE | |||
r-oldrel-windows-ix86+x86_64 | 2.6.0 | 33.00 | 172.00 | 205.00 | NOTE |
Version: 2.6.0
Check: package dependencies
Result: NOTE
Package suggested but not available for checking: 'cmdstanr'
Flavors: r-devel-linux-x86_64-debian-clang, r-devel-linux-x86_64-debian-gcc, r-devel-linux-x86_64-fedora-clang, r-devel-linux-x86_64-fedora-gcc, r-devel-windows-x86_64, r-patched-linux-x86_64, r-release-linux-x86_64, r-release-macos-arm64, r-release-macos-x86_64, r-release-windows-x86_64, r-oldrel-macos-arm64, r-oldrel-macos-x86_64, r-oldrel-windows-ix86+x86_64