Last updated on 2025-02-05 02:49:02 CET.
Flavor | Version | Tinstall | Tcheck | Ttotal | Status | Flags |
---|---|---|---|---|---|---|
r-devel-linux-x86_64-debian-clang | 1.3-10 | 24.74 | 260.41 | 285.15 | OK | |
r-devel-linux-x86_64-debian-gcc | 1.3-10 | 16.78 | 188.06 | 204.84 | OK | |
r-devel-linux-x86_64-fedora-clang | 1.3-10 | 473.71 | OK | |||
r-devel-linux-x86_64-fedora-gcc | 1.3-10 | 450.28 | OK | |||
r-devel-windows-x86_64 | 1.3-10 | 36.00 | 280.00 | 316.00 | OK | |
r-patched-linux-x86_64 | 1.3-10 | 26.70 | 247.38 | 274.08 | OK | |
r-release-linux-x86_64 | 1.3-10 | 22.57 | 247.74 | 270.31 | OK | |
r-release-macos-arm64 | 1.3-10 | 144.00 | NOTE | |||
r-release-macos-x86_64 | 1.3-10 | 244.00 | NOTE | |||
r-release-windows-x86_64 | 1.3-10 | 35.00 | 284.00 | 319.00 | NOTE | |
r-oldrel-macos-arm64 | 1.3-9 | 12.00 | ERROR | |||
r-oldrel-macos-x86_64 | 1.3-8 | 233.00 | NOTE | |||
r-oldrel-windows-x86_64 | 1.3-10 | 40.00 | 362.00 | 402.00 | NOTE |
Version: 1.3-10
Check: installed package size
Result: NOTE
installed size is 9.7Mb
sub-directories of 1Mb or more:
doc 6.0Mb
etc 2.1Mb
Flavors: r-release-macos-arm64, r-release-macos-x86_64, r-release-windows-x86_64, r-oldrel-windows-x86_64
Version: 1.3-9
Check: whether package can be installed
Result: ERROR
Installation failed.
Flavor: r-oldrel-macos-arm64
Version: 1.3-8
Check: installed package size
Result: NOTE
installed size is 9.7Mb
sub-directories of 1Mb or more:
doc 6.0Mb
etc 2.1Mb
Flavor: r-oldrel-macos-x86_64