Last updated on 2024-04-20 01:50:15 CEST.
Flavor | Version | Tinstall | Tcheck | Ttotal | Status | Flags |
---|---|---|---|---|---|---|
r-devel-linux-x86_64-debian-clang | 0.0.3 | 2.53 | 43.22 | 45.75 | NOTE | |
r-devel-linux-x86_64-debian-gcc | 0.0.3 | NOTE | ||||
r-devel-linux-x86_64-fedora-clang | 0.0.3 | 59.53 | NOTE | |||
r-devel-linux-x86_64-fedora-gcc | 0.0.3 | 69.84 | NOTE | |||
r-prerel-macos-arm64 | 0.0.3 | 28.00 | NOTE | |||
r-prerel-windows-x86_64 | 0.0.3 | 4.00 | 63.00 | 67.00 | NOTE | |
r-patched-linux-x86_64 | 0.0.3 | 3.25 | 39.68 | 42.93 | NOTE | |
r-release-linux-x86_64 | 0.0.3 | 2.72 | 39.27 | 41.99 | OK | |
r-release-macos-arm64 | 0.0.3 | 29.00 | OK | |||
r-release-macos-x86_64 | 0.0.3 | 42.00 | OK | |||
r-release-windows-x86_64 | 0.0.3 | 5.00 | 65.00 | 70.00 | OK | |
r-oldrel-macos-arm64 | 0.0.3 | 21.00 | OK | |||
r-oldrel-windows-x86_64 | 0.0.3 | 6.00 | 62.00 | 68.00 | OK |
Version: 0.0.3
Check: Rd files
Result: NOTE
checkRd: (-1) table_ester.Rd:32: Lost braces; missing escapes or markup?
32 | inside of curly brackets, i.e., { } . For instance, if estimate = 1.23
| ^
checkRd: (-1) table_ester.Rd:33: Lost braces; missing escapes or markup?
33 | and error = 0.45, then \code{form} = "{estimate} ({error})" will return
| ^
checkRd: (-1) table_ester.Rd:33: Lost braces; missing escapes or markup?
33 | and error = 0.45, then \code{form} = "{estimate} ({error})" will return
| ^
Flavors: r-devel-linux-x86_64-debian-clang, r-devel-linux-x86_64-debian-gcc, r-devel-linux-x86_64-fedora-clang, r-devel-linux-x86_64-fedora-gcc, r-prerel-macos-arm64, r-prerel-windows-x86_64, r-patched-linux-x86_64