Last updated on 2022-05-17 02:53:23 CEST.
Flavor | Version | Tinstall | Tcheck | Ttotal | Status | Flags |
---|---|---|---|---|---|---|
r-devel-linux-x86_64-debian-clang | 0.2.1 | 26.66 | 53.07 | 79.73 | OK | |
r-devel-linux-x86_64-debian-gcc | 0.2.1 | 23.18 | 40.51 | 63.69 | OK | |
r-devel-linux-x86_64-fedora-clang | 0.2.1 | 111.66 | NOTE | |||
r-devel-linux-x86_64-fedora-gcc | 0.2.1 | 100.54 | NOTE | |||
r-devel-windows-x86_64 | 0.2.1 | 50.00 | 105.00 | 155.00 | OK | |
r-patched-linux-x86_64 | 0.2.1 | 25.64 | 50.72 | 76.36 | OK | |
r-release-linux-x86_64 | 0.2.1 | 25.62 | 50.02 | 75.64 | OK | |
r-release-macos-arm64 | 0.2.1 | 32.00 | NOTE | |||
r-release-macos-x86_64 | 0.2.1 | 46.00 | NOTE | |||
r-release-windows-x86_64 | 0.2.1 | 66.00 | 108.00 | 174.00 | OK | |
r-oldrel-macos-arm64 | 0.2.1 | 37.00 | NOTE | |||
r-oldrel-macos-x86_64 | 0.2.1 | 58.00 | NOTE | |||
r-oldrel-windows-ix86+x86_64 | 0.2.1 | 72.00 | 95.00 | 167.00 | OK |
Version: 0.2.1
Check: data for non-ASCII characters
Result: NOTE
Note: found 1 marked UTF-8 string
Flavors: r-devel-linux-x86_64-fedora-clang, r-devel-linux-x86_64-fedora-gcc, r-release-macos-arm64, r-release-macos-x86_64, r-oldrel-macos-arm64, r-oldrel-macos-x86_64